CRAN Package Check Results for Package fracture

Last updated on 2024-02-20 18:49:23 CET.

Flavor Version Tinstall Tcheck Ttotal Status Flags
r-devel-linux-x86_64-debian-clang 0.2.1 NOTE
r-devel-linux-x86_64-debian-gcc 0.2.1 19.51 28.65 48.16 NOTE
r-devel-linux-x86_64-fedora-clang 0.2.1 91.77 NOTE
r-devel-linux-x86_64-fedora-gcc 0.2.1 87.18 NOTE
r-devel-windows-x86_64 0.2.1 21.00 69.00 90.00 NOTE
r-patched-linux-x86_64 0.2.1 27.15 36.15 63.30 NOTE
r-release-linux-x86_64 0.2.1 26.75 36.32 63.07 NOTE
r-release-macos-arm64 0.2.1 27.00 NOTE
r-release-macos-x86_64 0.2.1 41.00 NOTE
r-release-windows-x86_64 0.2.1 20.00 76.00 96.00 NOTE
r-oldrel-macos-arm64 0.2.1 27.00 OK
r-oldrel-windows-x86_64 0.2.1 28.00 75.00 103.00 OK

Check Details

Version: 0.2.1
Check: C++ specification
Result: NOTE Specified C++11: please drop specification unless essential Flavors: r-devel-linux-x86_64-debian-clang, r-devel-linux-x86_64-debian-gcc, r-devel-linux-x86_64-fedora-clang, r-devel-linux-x86_64-fedora-gcc, r-devel-windows-x86_64, r-patched-linux-x86_64, r-release-linux-x86_64, r-release-macos-arm64, r-release-macos-x86_64, r-release-windows-x86_64