Last updated on 2023-12-02 18:53:41 CET.
Flavor | Version | Tinstall | Tcheck | Ttotal | Status | Flags |
---|---|---|---|---|---|---|
r-devel-linux-x86_64-debian-clang | 1.0.1 | 40.30 | 145.59 | 185.89 | NOTE | |
r-devel-linux-x86_64-debian-gcc | 1.0.1 | 27.64 | 108.25 | 135.89 | NOTE | |
r-devel-linux-x86_64-fedora-clang | 1.0.1 | 248.03 | NOTE | |||
r-devel-linux-x86_64-fedora-gcc | 1.0.1 | 241.94 | NOTE | |||
r-devel-windows-x86_64 | 1.0.1 | 34.00 | 160.00 | 194.00 | NOTE | |
r-patched-linux-x86_64 | 1.0.1 | 35.87 | 138.54 | 174.41 | NOTE | |
r-release-linux-x86_64 | 1.0.1 | 31.77 | 138.85 | 170.62 | NOTE | |
r-release-macos-arm64 | 1.0.1 | 78.00 | NOTE | |||
r-release-macos-x86_64 | 1.0.1 | 122.00 | NOTE | |||
r-release-windows-x86_64 | 1.0.1 | 45.00 | 187.00 | 232.00 | NOTE | |
r-oldrel-macos-arm64 | 1.0.1 | 65.00 | NOTE | |||
r-oldrel-macos-x86_64 | 1.0.1 | 124.00 | NOTE | |||
r-oldrel-windows-x86_64 | 1.0.1 | 41.00 | 181.00 | 222.00 | NOTE |
Version: 1.0.1
Check: Rd files
Result: NOTE
checkRd: (-1) emfrail_control.Rd:49: Lost braces in \itemize; meant \describe ?
checkRd: (-1) emfrail_control.Rd:50: Lost braces in \itemize; meant \describe ?
checkRd: (-1) emfrail_control.Rd:51: Lost braces in \itemize; meant \describe ?
checkRd: (-1) emfrail_control.Rd:52: Lost braces in \itemize; meant \describe ?
checkRd: (-1) emfrail_control.Rd:53-54: Lost braces in \itemize; meant \describe ?
checkRd: (-1) emfrail_control.Rd:55-57: Lost braces in \itemize; meant \describe ?
Flavors: r-devel-linux-x86_64-debian-clang, r-devel-linux-x86_64-debian-gcc
Version: 1.0.1
Check: LazyData
Result: NOTE
'LazyData' is specified without a 'data' directory
Flavors: r-devel-linux-x86_64-debian-clang, r-devel-linux-x86_64-debian-gcc, r-devel-linux-x86_64-fedora-clang, r-devel-linux-x86_64-fedora-gcc, r-devel-windows-x86_64, r-patched-linux-x86_64, r-release-linux-x86_64, r-release-macos-arm64, r-release-macos-x86_64, r-release-windows-x86_64, r-oldrel-macos-arm64, r-oldrel-macos-x86_64, r-oldrel-windows-x86_64