CRAN Package Check Results for Package fritools

Last updated on 2025-04-29 21:49:47 CEST.

Flavor Version Tinstall Tcheck Ttotal Status Flags
r-devel-linux-x86_64-debian-clang 4.4.0 5.00 61.09 66.09 NOTE
r-devel-linux-x86_64-debian-gcc 4.4.0 3.52 44.16 47.68 OK
r-devel-linux-x86_64-fedora-clang 4.4.0 101.05 OK
r-devel-linux-x86_64-fedora-gcc 4.4.0 114.19 OK
r-devel-windows-x86_64 4.4.0 7.00 146.00 153.00 OK
r-patched-linux-x86_64 4.4.0 7.50 56.49 63.99 OK
r-release-linux-x86_64 4.4.0 4.57 56.76 61.33 OK
r-release-macos-arm64 4.4.0 65.00 OK
r-release-macos-x86_64 4.4.0 96.00 OK
r-release-windows-x86_64 4.4.0 7.00 151.00 158.00 OK
r-oldrel-macos-arm64 4.4.0 60.00 OK
r-oldrel-macos-x86_64 4.4.0 131.00 OK
r-oldrel-windows-x86_64 4.4.0 8.00 149.00 157.00 OK

Check Details

Version: 4.4.0
Check: examples
Result: NOTE Examples with CPU (user + system) or elapsed time > 5s user system elapsed relative_difference 6.87 0.057 8.566 Flavor: r-devel-linux-x86_64-debian-clang