CRAN Package Check Results for Package fstcore

Last updated on 2024-04-22 21:52:45 CEST.

Flavor Version Tinstall Tcheck Ttotal Status Flags
r-devel-linux-x86_64-debian-clang 0.9.18 89.76 32.63 122.39 OK
r-devel-linux-x86_64-debian-gcc 0.9.18 62.37 24.76 87.13 OK
r-devel-linux-x86_64-fedora-clang 0.9.18 227.56 NOTE
r-devel-linux-x86_64-fedora-gcc 0.9.18 186.37 NOTE
r-prerel-macos-arm64 0.9.18 41.00 OK
r-prerel-windows-x86_64 0.9.18 121.00 69.00 190.00 OK
r-patched-linux-x86_64 0.9.18 85.51 30.92 116.43 OK
r-release-linux-x86_64 0.9.18 81.35 30.59 111.94 OK
r-release-macos-arm64 0.9.18 59.00 OK
r-release-macos-x86_64 0.9.18 64.00 OK
r-release-windows-x86_64 0.9.18 133.00 79.00 212.00 OK
r-oldrel-macos-arm64 0.9.18 65.00 OK
r-oldrel-windows-x86_64 0.9.18 133.00 77.00 210.00 OK

Check Details

Version: 0.9.18
Check: compiled code
Result: NOTE File ‘fstcore/libs/fstcore.so’: Found non-API call to R: ‘SET_S4_OBJECT’ Compiled code should not call non-API entry points in R. See ‘Writing portable packages’ in the ‘Writing R Extensions’ manual. Flavors: r-devel-linux-x86_64-fedora-clang, r-devel-linux-x86_64-fedora-gcc