CRAN Package Check Results for Package functional

Last updated on 2024-02-21 18:51:04 CET.

Flavor Version Tinstall Tcheck Ttotal Status Flags
r-devel-linux-x86_64-debian-clang 0.6 NOTE
r-devel-linux-x86_64-debian-gcc 0.6 1.49 16.07 17.56 NOTE
r-devel-linux-x86_64-fedora-clang 0.6 28.76 NOTE
r-devel-linux-x86_64-fedora-gcc 0.6 27.14 NOTE
r-devel-windows-x86_64 0.6 2.00 36.00 38.00 NOTE
r-patched-linux-x86_64 0.6 1.98 20.31 22.29 NOTE
r-release-linux-x86_64 0.6 1.94 20.09 22.03 NOTE
r-release-macos-arm64 0.6 14.00 NOTE
r-release-macos-x86_64 0.6 19.00 NOTE
r-release-windows-x86_64 0.6 2.00 32.00 34.00 NOTE
r-oldrel-macos-arm64 0.6 13.00 NOTE
r-oldrel-windows-x86_64 0.6 6.00 42.00 48.00 NOTE

Check Details

Version: 0.6
Check: DESCRIPTION meta-information
Result: NOTE Malformed Description field: should contain one or more complete sentences. Flavors: r-devel-linux-x86_64-debian-clang, r-devel-linux-x86_64-debian-gcc, r-devel-linux-x86_64-fedora-clang, r-devel-linux-x86_64-fedora-gcc, r-devel-windows-x86_64, r-patched-linux-x86_64, r-release-linux-x86_64, r-release-macos-arm64, r-release-macos-x86_64, r-release-windows-x86_64, r-oldrel-macos-arm64, r-oldrel-windows-x86_64