Last updated on 2023-12-10 18:52:11 CET.
Flavor | Version | Tinstall | Tcheck | Ttotal | Status | Flags |
---|---|---|---|---|---|---|
r-devel-linux-x86_64-debian-clang | 0.1.6 | 4.94 | 151.69 | 156.63 | NOTE | |
r-devel-linux-x86_64-debian-gcc | 0.1.6 | 4.40 | 107.23 | 111.63 | NOTE | |
r-devel-linux-x86_64-fedora-clang | 0.1.6 | 189.91 | OK | |||
r-devel-linux-x86_64-fedora-gcc | 0.1.6 | 195.19 | OK | |||
r-devel-windows-x86_64 | 0.1.6 | 7.00 | 118.00 | 125.00 | OK | |
r-patched-linux-x86_64 | 0.1.6 | 9.01 | 135.41 | 144.42 | OK | |
r-release-linux-x86_64 | 0.1.6 | 4.87 | 136.70 | 141.57 | OK | |
r-release-macos-arm64 | 0.1.6 | 67.00 | OK | |||
r-release-macos-x86_64 | 0.1.6 | 96.00 | OK | |||
r-release-windows-x86_64 | 0.1.6 | 7.00 | 140.00 | 147.00 | OK | |
r-oldrel-macos-arm64 | 0.1.6 | 74.00 | NOTE | |||
r-oldrel-macos-x86_64 | 0.1.6 | 133.00 | OK | |||
r-oldrel-windows-x86_64 | 0.1.6 | 8.00 | 143.00 | 151.00 | OK |
Version: 0.1.6
Check: Rd files
Result: NOTE
checkRd: (-1) misspellings.Rd:18: Lost braces
18 | This is a code{tbl_df} mapping misspellings of their words, compiled by
| ^
Flavors: r-devel-linux-x86_64-debian-clang, r-devel-linux-x86_64-debian-gcc
Version: 0.1.6
Check: package dependencies
Result: NOTE
Package suggested but not available for checking: ‘IRanges’
Flavor: r-oldrel-macos-arm64
Version: 0.1.6
Check: Rd cross-references
Result: NOTE
Package unavailable to check Rd xrefs: ‘IRanges’
Flavor: r-oldrel-macos-arm64