CRAN Package Check Results for Package geex

Last updated on 2023-12-10 18:52:11 CET.

Flavor Version Tinstall Tcheck Ttotal Status Flags
r-devel-linux-x86_64-debian-clang 1.1.1 5.30 336.18 341.48 NOTE
r-devel-linux-x86_64-debian-gcc 1.1.1 4.46 246.79 251.25 NOTE
r-devel-linux-x86_64-fedora-clang 1.1.1 408.08 NOTE
r-devel-linux-x86_64-fedora-gcc 1.1.1 411.24 NOTE
r-devel-windows-x86_64 1.1.1 6.00 240.00 246.00 OK
r-patched-linux-x86_64 1.1.1 5.77 323.34 329.11 OK
r-release-linux-x86_64 1.1.1 3.81 329.88 333.69 OK
r-release-macos-arm64 1.1.1 116.00 OK
r-release-macos-x86_64 1.1.1 201.00 OK
r-release-windows-x86_64 1.1.1 7.00 323.00 330.00 OK
r-oldrel-macos-arm64 1.1.1 86.00 NOTE
r-oldrel-macos-x86_64 1.1.1 124.00 NOTE
r-oldrel-windows-x86_64 1.1.1 9.00 325.00 334.00 OK

Check Details

Version: 1.1.1
Check: Rd files
Result: NOTE checkRd: (-1) geexex.Rd:10: Lost braces in \itemize; meant \describe ? checkRd: (-1) geexex.Rd:11: Lost braces in \itemize; meant \describe ? checkRd: (-1) geexex.Rd:12: Lost braces in \itemize; meant \describe ? checkRd: (-1) geexex.Rd:13: Lost braces in \itemize; meant \describe ? checkRd: (-1) geexex.Rd:14: Lost braces in \itemize; meant \describe ? checkRd: (-1) geexex.Rd:15: Lost braces in \itemize; meant \describe ? checkRd: (-1) geexex.Rd:16: Lost braces in \itemize; meant \describe ? checkRd: (-1) geexex.Rd:17: Lost braces in \itemize; meant \describe ? checkRd: (-1) geexex.Rd:18: Lost braces in \itemize; meant \describe ? Flavors: r-devel-linux-x86_64-debian-clang, r-devel-linux-x86_64-debian-gcc

Version: 1.1.1
Check: dependencies in R code
Result: NOTE Namespace in Imports field not imported from: ‘rootSolve’ All declared Imports should be used. Flavors: r-devel-linux-x86_64-fedora-clang, r-devel-linux-x86_64-fedora-gcc, r-oldrel-macos-arm64, r-oldrel-macos-x86_64