CRAN Package Check Results for Package genomic.autocorr

Last updated on 2024-06-13 20:49:10 CEST.

Flavor Version Tinstall Tcheck Ttotal Status Flags
r-devel-linux-x86_64-debian-clang 1.0-1 2.64 56.62 59.26 NOTE
r-devel-linux-x86_64-debian-gcc 1.0-1 2.61 30.33 32.94 ERROR
r-devel-linux-x86_64-fedora-clang 1.0-1 75.45 NOTE
r-devel-linux-x86_64-fedora-gcc 1.0-1 69.35 NOTE
r-devel-windows-x86_64 1.0-1 3.00 60.00 63.00 NOTE
r-patched-linux-x86_64 1.0-1 2.68 52.88 55.56 NOTE
r-release-linux-x86_64 1.0-1 3.09 52.79 55.88 NOTE
r-release-macos-arm64 1.0-1 22.00 NOTE
r-release-macos-x86_64 1.0-1 48.00 NOTE
r-release-windows-x86_64 1.0-1 4.00 64.00 68.00 NOTE
r-oldrel-macos-arm64 1.0-1 24.00 NOTE
r-oldrel-macos-x86_64 1.0-1 37.00 NOTE
r-oldrel-windows-x86_64 1.0-1 4.00 65.00 69.00 NOTE

Check Details

Version: 1.0-1
Check: LazyData
Result: NOTE 'LazyData' is specified without a 'data' directory Flavors: r-devel-linux-x86_64-debian-clang, r-devel-linux-x86_64-debian-gcc, r-devel-linux-x86_64-fedora-clang, r-devel-linux-x86_64-fedora-gcc, r-devel-windows-x86_64, r-patched-linux-x86_64, r-release-linux-x86_64, r-release-macos-arm64, r-release-macos-x86_64, r-release-windows-x86_64, r-oldrel-macos-arm64, r-oldrel-macos-x86_64, r-oldrel-windows-x86_64

Version: 1.0-1
Check: package dependencies
Result: NOTE Package suggested but not available for checking: ‘testthat’ Flavor: r-devel-linux-x86_64-debian-gcc

Version: 1.0-1
Check: tests
Result: ERROR Running ‘testthat.R’ [0s/1s] Running the tests in ‘tests/testthat.R’ failed. Complete output: > library(testthat) Error in library(testthat) : there is no package called 'testthat' Execution halted Flavor: r-devel-linux-x86_64-debian-gcc