CRAN Package Check Results for Package genomic.autocorr

Last updated on 2023-12-02 18:53:42 CET.

Flavor Version Tinstall Tcheck Ttotal Status Flags
r-devel-linux-x86_64-debian-clang 1.0-1 2.57 55.67 58.24 NOTE
r-devel-linux-x86_64-debian-gcc 1.0-1 2.53 40.83 43.36 NOTE
r-devel-linux-x86_64-fedora-clang 1.0-1 76.16 NOTE
r-devel-linux-x86_64-fedora-gcc 1.0-1 67.43 NOTE
r-devel-windows-x86_64 1.0-1 3.00 62.00 65.00 NOTE
r-patched-linux-x86_64 1.0-1 2.79 52.89 55.68 NOTE
r-release-linux-x86_64 1.0-1 3.19 53.22 56.41 NOTE
r-release-macos-arm64 1.0-1 24.00 NOTE
r-release-macos-x86_64 1.0-1 37.00 NOTE
r-release-windows-x86_64 1.0-1 4.00 68.00 72.00 NOTE
r-oldrel-macos-arm64 1.0-1 25.00 NOTE
r-oldrel-macos-x86_64 1.0-1 31.00 NOTE
r-oldrel-windows-x86_64 1.0-1 5.00 75.00 80.00 NOTE

Check Details

Version: 1.0-1
Check: LazyData
Result: NOTE 'LazyData' is specified without a 'data' directory Flavors: r-devel-linux-x86_64-debian-clang, r-devel-linux-x86_64-debian-gcc, r-devel-linux-x86_64-fedora-clang, r-devel-linux-x86_64-fedora-gcc, r-devel-windows-x86_64, r-patched-linux-x86_64, r-release-linux-x86_64, r-release-macos-arm64, r-release-macos-x86_64, r-release-windows-x86_64, r-oldrel-macos-arm64, r-oldrel-macos-x86_64, r-oldrel-windows-x86_64