CRAN Package Check Results for Package ggHoriPlot

Last updated on 2023-12-05 18:49:24 CET.

Flavor Version Tinstall Tcheck Ttotal Status Flags
r-devel-linux-x86_64-debian-clang 1.0.1 7.82 195.48 203.30 OK
r-devel-linux-x86_64-debian-gcc 1.0.1 4.92 145.17 150.09 OK
r-devel-linux-x86_64-fedora-clang 1.0.1 243.77 NOTE
r-devel-linux-x86_64-fedora-gcc 1.0.1 248.58 OK
r-devel-windows-x86_64 1.0.1 9.00 146.00 155.00 OK
r-patched-linux-x86_64 1.0.1 5.98 185.62 191.60 OK
r-release-linux-x86_64 1.0.1 5.33 185.89 191.22 OK
r-release-macos-arm64 1.0.1 78.00 OK
r-release-macos-x86_64 1.0.1 125.00 OK
r-release-windows-x86_64 1.0.1 10.00 185.00 195.00 OK
r-oldrel-macos-arm64 1.0.1 102.00 OK
r-oldrel-macos-x86_64 1.0.1 112.00 OK
r-oldrel-windows-x86_64 1.0.1 11.00 196.00 207.00 OK

Check Details

Version: 1.0.1
Check: Rd cross-references
Result: NOTE Undeclared package ‘rlang’ in Rd xrefs Flavor: r-devel-linux-x86_64-fedora-clang