CRAN Package Check Results for Package ggQQunif

Last updated on 2024-07-24 20:52:22 CEST.

Flavor Version Tinstall Tcheck Ttotal Status Flags
r-devel-linux-x86_64-debian-clang 0.1.5 3.12 32.54 35.66 NOTE
r-devel-linux-x86_64-debian-gcc 0.1.5 3.33 25.04 28.37 NOTE
r-devel-linux-x86_64-fedora-clang 0.1.5 45.79 NOTE
r-devel-linux-x86_64-fedora-gcc 0.1.5 46.24 NOTE
r-devel-windows-x86_64 0.1.5 6.00 49.00 55.00 NOTE
r-patched-linux-x86_64 0.1.5 3.47 30.53 34.00 NOTE
r-release-linux-x86_64 0.1.5 3.45 30.58 34.03 NOTE
r-release-macos-arm64 0.1.5 21.00 NOTE
r-release-macos-x86_64 0.1.5 27.00 NOTE
r-release-windows-x86_64 0.1.5 5.00 49.00 54.00 NOTE
r-oldrel-macos-arm64 0.1.5 20.00 NOTE
r-oldrel-macos-x86_64 0.1.5 27.00 NOTE
r-oldrel-windows-x86_64 0.1.5 6.00 51.00 57.00 NOTE

Check Details

Version: 0.1.5
Check: LazyData
Result: NOTE 'LazyData' is specified without a 'data' directory Flavors: r-devel-linux-x86_64-debian-clang, r-devel-linux-x86_64-debian-gcc, r-devel-linux-x86_64-fedora-clang, r-devel-linux-x86_64-fedora-gcc, r-devel-windows-x86_64, r-patched-linux-x86_64, r-release-linux-x86_64, r-release-macos-arm64, r-release-macos-x86_64, r-release-windows-x86_64, r-oldrel-macos-arm64, r-oldrel-macos-x86_64, r-oldrel-windows-x86_64

Version: 0.1.5
Check: dependencies in R code
Result: NOTE Namespace in Imports field not imported from: ‘dplyr’ All declared Imports should be used. Flavors: r-devel-linux-x86_64-fedora-clang, r-devel-linux-x86_64-fedora-gcc