CRAN Package Check Results for Package ggTimeSeries

Last updated on 2024-04-21 20:53:25 CEST.

Flavor Version Tinstall Tcheck Ttotal Status Flags
r-devel-linux-x86_64-debian-clang 1.0.2 7.08 77.53 84.61 NOTE
r-devel-linux-x86_64-debian-gcc 1.0.2 5.42 57.76 63.18 NOTE
r-devel-linux-x86_64-fedora-clang 1.0.2 109.11 NOTE
r-devel-linux-x86_64-fedora-gcc 1.0.2 114.91 NOTE
r-prerel-macos-arm64 1.0.2 38.00 NOTE
r-prerel-windows-x86_64 1.0.2 8.00 76.00 84.00 NOTE
r-patched-linux-x86_64 1.0.2 5.42 74.99 80.41 NOTE
r-release-linux-x86_64 1.0.2 6.68 70.11 76.79 NOTE
r-release-macos-arm64 1.0.2 38.00 NOTE
r-release-macos-x86_64 1.0.2 61.00 NOTE
r-release-windows-x86_64 1.0.2 9.00 83.00 92.00 NOTE
r-oldrel-macos-arm64 1.0.2 31.00 OK
r-oldrel-windows-x86_64 1.0.2 10.00 88.00 98.00 OK

Check Details

Version: 1.0.2
Check: package subdirectories
Result: NOTE Problems with news in ‘NEWS.md’: Cannot extract version info from the following section titles: Win CRAN check results - R Windows Flavors: r-devel-linux-x86_64-debian-clang, r-devel-linux-x86_64-debian-gcc, r-devel-linux-x86_64-fedora-clang, r-devel-linux-x86_64-fedora-gcc, r-prerel-macos-arm64, r-prerel-windows-x86_64, r-patched-linux-x86_64, r-release-linux-x86_64, r-release-macos-arm64, r-release-macos-x86_64, r-release-windows-x86_64