Last updated on 2023-12-02 18:53:42 CET.
Flavor | Version | Tinstall | Tcheck | Ttotal | Status | Flags |
---|---|---|---|---|---|---|
r-devel-linux-x86_64-debian-clang | 1.2.3 | 9.24 | 119.93 | 129.17 | OK | |
r-devel-linux-x86_64-debian-gcc | 1.2.3 | 6.64 | 89.43 | 96.07 | OK | |
r-devel-linux-x86_64-fedora-clang | 1.2.3 | 157.04 | NOTE | |||
r-devel-linux-x86_64-fedora-gcc | 1.2.3 | 159.46 | OK | |||
r-devel-windows-x86_64 | 1.2.3 | 8.00 | 112.00 | 120.00 | NOTE | |
r-patched-linux-x86_64 | 1.2.3 | 5.48 | 112.33 | 117.81 | OK | |
r-release-linux-x86_64 | 1.2.3 | 5.14 | 113.95 | 119.09 | OK | |
r-release-macos-arm64 | 1.2.3 | 63.00 | NOTE | |||
r-release-macos-x86_64 | 1.2.3 | 111.00 | NOTE | |||
r-release-windows-x86_64 | 1.2.3 | 11.00 | 135.00 | 146.00 | NOTE | |
r-oldrel-macos-arm64 | 1.2.3 | 72.00 | NOTE | |||
r-oldrel-macos-x86_64 | 1.2.3 | 77.00 | NOTE | |||
r-oldrel-windows-x86_64 | 1.2.3 | 10.00 | 134.00 | 144.00 | NOTE |
Version: 1.2.3
Check: installed package size
Result: NOTE
installed size is 9.2Mb
sub-directories of 1Mb or more:
doc 8.3Mb
Flavors: r-devel-linux-x86_64-fedora-clang, r-devel-windows-x86_64, r-release-macos-arm64, r-release-macos-x86_64, r-release-windows-x86_64, r-oldrel-macos-arm64, r-oldrel-macos-x86_64, r-oldrel-windows-x86_64