CRAN Package Check Results for Package ggamma

Last updated on 2023-11-29 18:48:47 CET.

Flavor Version Tinstall Tcheck Ttotal Status Flags
r-devel-linux-x86_64-debian-clang 1.0.1 1.82 27.78 29.60 NOTE
r-devel-linux-x86_64-debian-gcc 1.0.1 1.58 21.49 23.07 NOTE
r-devel-linux-x86_64-fedora-clang 1.0.1 37.48 NOTE
r-devel-linux-x86_64-fedora-gcc 1.0.1 35.24 NOTE
r-devel-windows-x86_64 1.0.1 2.00 49.00 51.00 NOTE
r-patched-linux-x86_64 1.0.1 1.56 27.29 28.85 NOTE
r-release-linux-x86_64 1.0.1 1.62 27.49 29.11 NOTE
r-release-macos-arm64 1.0.1 18.00 NOTE
r-release-macos-x86_64 1.0.1 24.00 NOTE
r-release-windows-x86_64 1.0.1 2.00 49.00 51.00 NOTE
r-oldrel-macos-arm64 1.0.1 19.00 NOTE
r-oldrel-macos-x86_64 1.0.1 23.00 NOTE
r-oldrel-windows-x86_64 1.0.1 4.00 51.00 55.00 NOTE

Check Details

Version: 1.0.1
Check: LazyData
Result: NOTE 'LazyData' is specified without a 'data' directory Flavors: r-devel-linux-x86_64-debian-clang, r-devel-linux-x86_64-debian-gcc, r-devel-linux-x86_64-fedora-clang, r-devel-linux-x86_64-fedora-gcc, r-devel-windows-x86_64, r-patched-linux-x86_64, r-release-linux-x86_64, r-release-macos-arm64, r-release-macos-x86_64, r-release-windows-x86_64, r-oldrel-macos-arm64, r-oldrel-macos-x86_64, r-oldrel-windows-x86_64