CRAN Package Check Results for Package ggblend

Last updated on 2024-07-19 20:49:30 CEST.

Flavor Version Tinstall Tcheck Ttotal Status Flags
r-devel-linux-x86_64-debian-clang 0.1.0 8.60 75.68 84.28 OK
r-devel-linux-x86_64-debian-gcc 0.1.0 6.54 56.02 62.56 OK
r-devel-linux-x86_64-fedora-clang 0.1.0 106.70 OK
r-devel-linux-x86_64-fedora-gcc 0.1.0 97.82 OK
r-devel-windows-x86_64 0.1.0 10.00 77.00 87.00 NOTE
r-patched-linux-x86_64 0.1.0 12.06 71.65 83.71 OK
r-release-linux-x86_64 0.1.0 8.45 71.59 80.04 OK
r-release-macos-arm64 0.1.0 33.00 OK
r-release-macos-x86_64 0.1.0 49.00 OK
r-release-windows-x86_64 0.1.0 9.00 76.00 85.00 OK
r-oldrel-macos-arm64 0.1.0 37.00 OK
r-oldrel-macos-x86_64 0.1.0 65.00 OK
r-oldrel-windows-x86_64 0.1.0 11.00 87.00 98.00 OK

Check Details

Version: 0.1.0
Check: Rd cross-references
Result: NOTE Found the following Rd file(s) with Rd \link{} targets missing package anchors: ggblend-package.Rd: ggplot layer_list.Rd: ggplot2 partition.Rd: vars Please provide package anchors for all Rd \link{} targets not in the package itself and the base packages. Flavor: r-devel-windows-x86_64