CRAN Package Check Results for Package ggbuildr

Last updated on 2024-06-13 20:49:10 CEST.

Flavor Version Tinstall Tcheck Ttotal Status Flags
r-devel-linux-x86_64-debian-clang 0.1.0 5.59 52.96 58.55 NOTE
r-devel-linux-x86_64-debian-gcc 0.1.0 0.36 1.47 1.83 ERROR
r-devel-linux-x86_64-fedora-clang 0.1.0 75.57 NOTE
r-devel-linux-x86_64-fedora-gcc 0.1.0 68.55 NOTE
r-devel-windows-x86_64 0.1.0 6.00 63.00 69.00 NOTE
r-patched-linux-x86_64 0.1.0 4.45 50.15 54.60 NOTE
r-release-linux-x86_64 0.1.0 3.87 50.59 54.46 NOTE
r-release-macos-arm64 0.1.0 26.00 NOTE
r-release-macos-x86_64 0.1.0 37.00 NOTE
r-release-windows-x86_64 0.1.0 7.00 73.00 80.00 NOTE
r-oldrel-macos-arm64 0.1.0 26.00 NOTE
r-oldrel-macos-x86_64 0.1.0 37.00 NOTE
r-oldrel-windows-x86_64 0.1.0 7.00 70.00 77.00 NOTE

Check Details

Version: 0.1.0
Check: LazyData
Result: NOTE 'LazyData' is specified without a 'data' directory Flavors: r-devel-linux-x86_64-debian-clang, r-devel-linux-x86_64-fedora-clang, r-devel-linux-x86_64-fedora-gcc, r-devel-windows-x86_64, r-patched-linux-x86_64, r-release-linux-x86_64, r-release-macos-arm64, r-release-macos-x86_64, r-release-windows-x86_64, r-oldrel-macos-arm64, r-oldrel-macos-x86_64, r-oldrel-windows-x86_64

Version: 0.1.0
Check: package dependencies
Result: ERROR Packages required but not available: 'ggplot2', 'purrr', 'readr' Package suggested but not available for checking: ‘testthat’ See section ‘The DESCRIPTION file’ in the ‘Writing R Extensions’ manual. Flavor: r-devel-linux-x86_64-debian-gcc