Last updated on 2023-12-02 18:53:42 CET.
Flavor | Version | Tinstall | Tcheck | Ttotal | Status | Flags |
---|---|---|---|---|---|---|
r-devel-linux-x86_64-debian-clang | 0.1.0 | 5.52 | 52.39 | 57.91 | NOTE | |
r-devel-linux-x86_64-debian-gcc | 0.1.0 | 4.13 | 39.50 | 43.63 | NOTE | |
r-devel-linux-x86_64-fedora-clang | 0.1.0 | 70.68 | NOTE | |||
r-devel-linux-x86_64-fedora-gcc | 0.1.0 | 66.90 | NOTE | |||
r-devel-windows-x86_64 | 0.1.0 | 7.00 | 66.00 | 73.00 | NOTE | |
r-patched-linux-x86_64 | 0.1.0 | 3.70 | 49.57 | 53.27 | NOTE | |
r-release-linux-x86_64 | 0.1.0 | 3.35 | 49.46 | 52.81 | NOTE | |
r-release-macos-arm64 | 0.1.0 | 26.00 | NOTE | |||
r-release-macos-x86_64 | 0.1.0 | 37.00 | NOTE | |||
r-release-windows-x86_64 | 0.1.0 | 8.00 | 69.00 | 77.00 | NOTE | |
r-oldrel-macos-arm64 | 0.1.0 | 25.00 | NOTE | |||
r-oldrel-macos-x86_64 | 0.1.0 | 58.00 | NOTE | |||
r-oldrel-windows-x86_64 | 0.1.0 | 8.00 | 73.00 | 81.00 | NOTE |
Version: 0.1.0
Check: LazyData
Result: NOTE
'LazyData' is specified without a 'data' directory
Flavors: r-devel-linux-x86_64-debian-clang, r-devel-linux-x86_64-debian-gcc, r-devel-linux-x86_64-fedora-clang, r-devel-linux-x86_64-fedora-gcc, r-devel-windows-x86_64, r-patched-linux-x86_64, r-release-linux-x86_64, r-release-macos-arm64, r-release-macos-x86_64, r-release-windows-x86_64, r-oldrel-macos-arm64, r-oldrel-macos-x86_64, r-oldrel-windows-x86_64