CRAN Package Check Results for Package ggdark

Last updated on 2024-06-13 20:49:10 CEST.

Flavor Version Tinstall Tcheck Ttotal Status Flags
r-devel-linux-x86_64-debian-clang 0.2.1 4.53 52.37 56.90 NOTE
r-devel-linux-x86_64-debian-gcc 0.2.1 0.46 1.56 2.02 ERROR
r-devel-linux-x86_64-fedora-clang 0.2.1 77.15 NOTE
r-devel-linux-x86_64-fedora-gcc 0.2.1 67.93 NOTE
r-devel-windows-x86_64 0.2.1 7.00 57.00 64.00 NOTE
r-patched-linux-x86_64 0.2.1 4.41 49.67 54.08 NOTE
r-release-linux-x86_64 0.2.1 4.92 50.46 55.38 NOTE
r-release-macos-arm64 0.2.1 26.00 NOTE
r-release-macos-x86_64 0.2.1 37.00 NOTE
r-release-windows-x86_64 0.2.1 8.00 61.00 69.00 NOTE
r-oldrel-macos-arm64 0.2.1 26.00 NOTE
r-oldrel-macos-x86_64 0.2.1 42.00 NOTE
r-oldrel-windows-x86_64 0.2.1 8.00 66.00 74.00 NOTE

Check Details

Version: 0.2.1
Check: LazyData
Result: NOTE 'LazyData' is specified without a 'data' directory Flavors: r-devel-linux-x86_64-debian-clang, r-devel-linux-x86_64-fedora-clang, r-devel-linux-x86_64-fedora-gcc, r-devel-windows-x86_64, r-patched-linux-x86_64, r-release-linux-x86_64, r-release-macos-arm64, r-release-macos-x86_64, r-release-windows-x86_64, r-oldrel-macos-arm64, r-oldrel-macos-x86_64, r-oldrel-windows-x86_64

Version: 0.2.1
Check: package dependencies
Result: ERROR Package required but not available: ‘ggplot2’ Package suggested but not available for checking: ‘testthat’ See section ‘The DESCRIPTION file’ in the ‘Writing R Extensions’ manual. Flavor: r-devel-linux-x86_64-debian-gcc