Last updated on 2023-12-08 18:55:36 CET.
Flavor | Version | Tinstall | Tcheck | Ttotal | Status | Flags |
---|---|---|---|---|---|---|
r-devel-linux-x86_64-debian-clang | 0.3.1 | 14.18 | 101.22 | 115.40 | OK | |
r-devel-linux-x86_64-debian-gcc | 0.3.1 | 9.85 | 74.26 | 84.11 | OK | |
r-devel-linux-x86_64-fedora-clang | 0.3.1 | 135.06 | NOTE | |||
r-devel-linux-x86_64-fedora-gcc | 0.3.1 | 128.65 | NOTE | |||
r-devel-windows-x86_64 | 0.3.1 | 12.00 | 96.00 | 108.00 | OK | |
r-patched-linux-x86_64 | 0.3.1 | 7.81 | 94.59 | 102.40 | OK | |
r-release-linux-x86_64 | 0.3.1 | 7.49 | 93.83 | 101.32 | OK | |
r-release-macos-arm64 | 0.3.1 | 45.00 | OK | |||
r-release-macos-x86_64 | 0.3.1 | 75.00 | OK | |||
r-release-windows-x86_64 | 0.3.1 | 16.00 | 115.00 | 131.00 | OK | |
r-oldrel-macos-arm64 | 0.3.1 | 44.00 | NOTE | |||
r-oldrel-macos-x86_64 | 0.3.1 | 82.00 | NOTE | |||
r-oldrel-windows-x86_64 | 0.3.1 | 16.00 | 119.00 | 135.00 | OK |
Version: 0.3.1
Check: dependencies in R code
Result: NOTE
Namespace in Imports field not imported from: ‘magrittr’
All declared Imports should be used.
Flavors: r-devel-linux-x86_64-fedora-clang, r-devel-linux-x86_64-fedora-gcc, r-oldrel-macos-arm64, r-oldrel-macos-x86_64