Last updated on 2023-11-29 18:48:47 CET.
Flavor | Version | Tinstall | Tcheck | Ttotal | Status | Flags |
---|---|---|---|---|---|---|
r-devel-linux-x86_64-debian-clang | 1.1.2 | 4.87 | 51.12 | 55.99 | NOTE | |
r-devel-linux-x86_64-debian-gcc | 1.1.2 | 4.49 | 38.44 | 42.93 | NOTE | |
r-devel-linux-x86_64-fedora-clang | 1.1.2 | 69.48 | NOTE | |||
r-devel-linux-x86_64-fedora-gcc | 1.1.2 | 65.15 | NOTE | |||
r-devel-windows-x86_64 | 1.1.2 | 6.00 | 64.00 | 70.00 | NOTE | |
r-patched-linux-x86_64 | 1.1.2 | 4.93 | 48.90 | 53.83 | NOTE | |
r-release-linux-x86_64 | 1.1.2 | 3.42 | 47.69 | 51.11 | NOTE | |
r-release-macos-arm64 | 1.1.2 | 25.00 | NOTE | |||
r-release-macos-x86_64 | 1.1.2 | 39.00 | NOTE | |||
r-release-windows-x86_64 | 1.1.2 | 7.00 | 64.00 | 71.00 | NOTE | |
r-oldrel-macos-arm64 | 1.1.2 | 25.00 | NOTE | |||
r-oldrel-macos-x86_64 | 1.1.2 | 52.00 | NOTE | |||
r-oldrel-windows-x86_64 | 1.1.2 | 9.00 | 70.00 | 79.00 | NOTE |
Version: 1.1.2
Check: LazyData
Result: NOTE
'LazyData' is specified without a 'data' directory
Flavors: r-devel-linux-x86_64-debian-clang, r-devel-linux-x86_64-debian-gcc, r-devel-linux-x86_64-fedora-clang, r-devel-linux-x86_64-fedora-gcc, r-devel-windows-x86_64, r-patched-linux-x86_64, r-release-linux-x86_64, r-release-macos-arm64, r-release-macos-x86_64, r-release-windows-x86_64, r-oldrel-macos-arm64, r-oldrel-macos-x86_64, r-oldrel-windows-x86_64