CRAN Package Check Results for Package gghalfnorm

Last updated on 2024-07-13 19:54:01 CEST.

Flavor Version Tinstall Tcheck Ttotal Status Flags
r-devel-linux-x86_64-debian-clang 1.1.2 4.54 52.10 56.64 NOTE
r-devel-linux-x86_64-debian-gcc 1.1.2 3.50 39.15 42.65 NOTE
r-devel-linux-x86_64-fedora-clang 1.1.2 72.18 NOTE
r-devel-linux-x86_64-fedora-gcc 1.1.2 67.19 NOTE
r-devel-windows-x86_64 1.1.2 7.00 57.00 64.00 NOTE
r-patched-linux-x86_64 1.1.2 5.76 48.97 54.73 NOTE
r-release-linux-x86_64 1.1.2 3.55 47.95 51.50 NOTE
r-release-macos-arm64 1.1.2 25.00 NOTE
r-release-macos-x86_64 1.1.2 36.00 NOTE
r-release-windows-x86_64 1.1.2 6.00 57.00 63.00 NOTE
r-oldrel-macos-arm64 1.1.2 25.00 NOTE
r-oldrel-macos-x86_64 1.1.2 39.00 NOTE
r-oldrel-windows-x86_64 1.1.2 7.00 63.00 70.00 NOTE

Check Details

Version: 1.1.2
Check: LazyData
Result: NOTE 'LazyData' is specified without a 'data' directory Flavors: r-devel-linux-x86_64-debian-clang, r-devel-linux-x86_64-debian-gcc, r-devel-linux-x86_64-fedora-clang, r-devel-linux-x86_64-fedora-gcc, r-devel-windows-x86_64, r-patched-linux-x86_64, r-release-linux-x86_64, r-release-macos-arm64, r-release-macos-x86_64, r-release-windows-x86_64, r-oldrel-macos-arm64, r-oldrel-macos-x86_64, r-oldrel-windows-x86_64