CRAN Package Check Results for Package gghalves

Last updated on 2024-02-28 18:50:35 CET.

Flavor Version Tinstall Tcheck Ttotal Status Flags
r-devel-linux-x86_64-debian-clang 0.1.4 6.75 62.38 69.13 OK
r-devel-linux-x86_64-debian-gcc 0.1.4 5.15 47.57 52.72 OK
r-devel-linux-x86_64-fedora-clang 0.1.4 84.34 NOTE
r-devel-linux-x86_64-fedora-gcc 0.1.4 93.90 NOTE
r-devel-windows-x86_64 0.1.4 7.00 66.00 73.00 OK
r-patched-linux-x86_64 0.1.4 5.22 61.64 66.86 OK
r-release-linux-x86_64 0.1.4 5.23 59.96 65.19 OK
r-release-macos-arm64 0.1.4 36.00 OK
r-release-macos-x86_64 0.1.4 59.00 OK
r-release-windows-x86_64 0.1.4 10.00 76.00 86.00 OK
r-oldrel-macos-arm64 0.1.4 35.00 NOTE
r-oldrel-windows-x86_64 0.1.4 9.00 78.00 87.00 OK

Check Details

Version: 0.1.4
Check: dependencies in R code
Result: NOTE Namespaces in Imports field not imported from: ‘grDevices’ ‘gtable’ All declared Imports should be used. Flavors: r-devel-linux-x86_64-fedora-clang, r-devel-linux-x86_64-fedora-gcc, r-oldrel-macos-arm64