Last updated on 2023-09-29 20:59:24 CEST.
Flavor | Version | Tinstall | Tcheck | Ttotal | Status | Flags |
---|---|---|---|---|---|---|
r-devel-linux-x86_64-debian-clang | 0.5.12 | 6.27 | 81.60 | 87.87 | OK | |
r-devel-linux-x86_64-debian-gcc | 0.5.12 | 4.76 | 60.66 | 65.42 | OK | |
r-devel-linux-x86_64-fedora-clang | 0.5.12 | 105.49 | NOTE | |||
r-devel-linux-x86_64-fedora-gcc | 0.5.12 | 116.07 | NOTE | |||
r-devel-windows-x86_64 | 0.5.12 | 8.00 | 81.00 | 89.00 | OK | |
r-patched-linux-x86_64 | 0.5.12 | 12.69 | 78.18 | 90.87 | OK | |
r-release-linux-x86_64 | 0.5.12 | 5.34 | 76.33 | 81.67 | OK | |
r-release-macos-arm64 | 0.5.12 | 43.00 | OK | |||
r-release-macos-x86_64 | 0.5.12 | 59.00 | OK | |||
r-release-windows-x86_64 | 0.5.12 | 9.00 | 93.00 | 102.00 | OK | |
r-oldrel-macos-arm64 | 0.5.12 | 27.00 | OK | |||
r-oldrel-macos-x86_64 | 0.5.12 | 51.00 | OK | |||
r-oldrel-windows-x86_64 | 0.5.12 | 9.00 | 90.00 | 99.00 | OK |
Version: 0.5.12
Check: dependencies in R code
Result: NOTE
Namespaces in Imports field not imported from:
‘sna’ ‘utils’
All declared Imports should be used.
Flavors: r-devel-linux-x86_64-fedora-clang, r-devel-linux-x86_64-fedora-gcc