Last updated on 2023-12-09 18:54:17 CET.
Flavor | Version | Tinstall | Tcheck | Ttotal | Status | Flags |
---|---|---|---|---|---|---|
r-devel-linux-x86_64-debian-clang | 1.0.1 | 5.67 | 56.30 | 61.97 | NOTE | |
r-devel-linux-x86_64-debian-gcc | 1.0.1 | 4.40 | 41.16 | 45.56 | NOTE | |
r-devel-linux-x86_64-fedora-clang | 1.0.1 | 74.27 | OK | |||
r-devel-linux-x86_64-fedora-gcc | 1.0.1 | 70.04 | OK | |||
r-devel-windows-x86_64 | 1.0.1 | 6.00 | 62.00 | 68.00 | OK | |
r-patched-linux-x86_64 | 1.0.1 | 10.29 | 52.79 | 63.08 | OK | |
r-release-linux-x86_64 | 1.0.1 | 3.73 | 52.94 | 56.67 | OK | |
r-release-macos-arm64 | 1.0.1 | 27.00 | OK | |||
r-release-macos-x86_64 | 1.0.1 | 41.00 | OK | |||
r-release-windows-x86_64 | 1.0.1 | 8.00 | 68.00 | 76.00 | OK | |
r-oldrel-macos-arm64 | 1.0.1 | 32.00 | OK | |||
r-oldrel-macos-x86_64 | 1.0.1 | 37.00 | OK | |||
r-oldrel-windows-x86_64 | 1.0.1 | 8.00 | 73.00 | 81.00 | OK |
Version: 1.0.1
Check: Rd files
Result: NOTE
checkRd: (-1) geom_from_path.Rd:79: Lost braces in \itemize; meant \describe ?
checkRd: (-1) geom_from_path.Rd:80: Lost braces in \itemize; meant \describe ?
checkRd: (-1) geom_from_path.Rd:81: Lost braces in \itemize; meant \describe ?
checkRd: (-1) geom_from_path.Rd:82: Lost braces in \itemize; meant \describe ?
checkRd: (-1) geom_from_path.Rd:83: Lost braces in \itemize; meant \describe ?
checkRd: (-1) geom_from_path.Rd:84: Lost braces in \itemize; meant \describe ?
checkRd: (-1) geom_from_path.Rd:85: Lost braces in \itemize; meant \describe ?
checkRd: (-1) geom_from_path.Rd:86: Lost braces in \itemize; meant \describe ?
checkRd: (-1) geom_from_path.Rd:87-90: Lost braces in \itemize; meant \describe ?
checkRd: (-1) geom_from_path.Rd:91-94: Lost braces in \itemize; meant \describe ?
checkRd: (-1) geom_lines.Rd:77: Lost braces in \itemize; meant \describe ?
checkRd: (-1) geom_lines.Rd:78: Lost braces in \itemize; meant \describe ?
checkRd: (-1) geom_lines.Rd:79: Lost braces in \itemize; meant \describe ?
checkRd: (-1) geom_lines.Rd:80: Lost braces in \itemize; meant \describe ?
checkRd: (-1) geom_lines.Rd:81: Lost braces in \itemize; meant \describe ?
checkRd: (-1) geom_lines.Rd:82: Lost braces in \itemize; meant \describe ?
checkRd: (-1) geom_lines.Rd:83: Lost braces in \itemize; meant \describe ?
Flavors: r-devel-linux-x86_64-debian-clang, r-devel-linux-x86_64-debian-gcc