Last updated on 2023-12-07 18:49:28 CET.
Flavor | Version | Tinstall | Tcheck | Ttotal | Status | Flags |
---|---|---|---|---|---|---|
r-devel-linux-x86_64-debian-clang | 1.0.1 | 10.06 | 180.60 | 190.66 | NOTE | |
r-devel-linux-x86_64-debian-gcc | 1.0.1 | 7.47 | 129.22 | 136.69 | NOTE | |
r-devel-linux-x86_64-fedora-clang | 1.0.1 | 221.84 | OK | |||
r-devel-linux-x86_64-fedora-gcc | 1.0.1 | 218.08 | OK | |||
r-devel-windows-x86_64 | 1.0.1 | 10.00 | 139.00 | 149.00 | OK | |
r-patched-linux-x86_64 | 1.0.1 | 15.82 | 165.82 | 181.64 | OK | |
r-release-linux-x86_64 | 1.0.1 | 9.16 | 162.89 | 172.05 | OK | |
r-release-macos-arm64 | 1.0.1 | 76.00 | OK | |||
r-release-macos-x86_64 | 1.0.1 | 119.00 | OK | |||
r-release-windows-x86_64 | 1.0.1 | 13.00 | 176.00 | 189.00 | OK | |
r-oldrel-macos-arm64 | 1.0.1 | 77.00 | OK | |||
r-oldrel-macos-x86_64 | 1.0.1 | 85.00 | OK | |||
r-oldrel-windows-x86_64 | 1.0.1 | 14.00 | 178.00 | 192.00 | OK |
Version: 1.0.1
Check: Rd files
Result: NOTE
checkRd: (-1) scale_pattern_alpha_continuous.Rd:24-45: Lost braces
24 | if (require("ggplot2")) {
| ^
Flavors: r-devel-linux-x86_64-debian-clang, r-devel-linux-x86_64-debian-gcc