Last updated on 2023-12-05 18:49:24 CET.
Flavor | Version | Tinstall | Tcheck | Ttotal | Status | Flags |
---|---|---|---|---|---|---|
r-devel-linux-x86_64-debian-clang | 1.0.0 | 8.55 | 66.47 | 75.02 | NOTE | |
r-devel-linux-x86_64-debian-gcc | 1.0.0 | 6.65 | 48.71 | 55.36 | NOTE | |
r-devel-linux-x86_64-fedora-clang | 1.0.0 | 91.23 | NOTE | |||
r-devel-linux-x86_64-fedora-gcc | 1.0.0 | 88.04 | NOTE | |||
r-devel-windows-x86_64 | 1.0.0 | 9.00 | 66.00 | 75.00 | NOTE | |
r-patched-linux-x86_64 | 1.0.0 | 6.15 | 61.72 | 67.87 | NOTE | |
r-release-linux-x86_64 | 1.0.0 | 5.45 | 61.50 | 66.95 | NOTE | |
r-release-macos-arm64 | 1.0.0 | 31.00 | NOTE | |||
r-release-macos-x86_64 | 1.0.0 | 46.00 | NOTE | |||
r-release-windows-x86_64 | 1.0.0 | 11.00 | 74.00 | 85.00 | NOTE | |
r-oldrel-macos-arm64 | 1.0.0 | 31.00 | NOTE | |||
r-oldrel-macos-x86_64 | 1.0.0 | 49.00 | NOTE | |||
r-oldrel-windows-x86_64 | 1.0.0 | 11.00 | 82.00 | 93.00 | NOTE |
Version: 1.0.0
Check: LazyData
Result: NOTE
'LazyData' is specified without a 'data' directory
Flavors: r-devel-linux-x86_64-debian-clang, r-devel-linux-x86_64-debian-gcc, r-devel-linux-x86_64-fedora-clang, r-devel-linux-x86_64-fedora-gcc, r-devel-windows-x86_64, r-patched-linux-x86_64, r-release-linux-x86_64, r-release-macos-arm64, r-release-macos-x86_64, r-release-windows-x86_64, r-oldrel-macos-arm64, r-oldrel-macos-x86_64, r-oldrel-windows-x86_64