Last updated on 2023-12-06 18:52:45 CET.
Flavor | Version | Tinstall | Tcheck | Ttotal | Status | Flags |
---|---|---|---|---|---|---|
r-devel-linux-x86_64-debian-clang | 0.1.0 | 5.97 | 50.53 | 56.50 | NOTE | |
r-devel-linux-x86_64-debian-gcc | 0.1.0 | 3.78 | 39.53 | 43.31 | NOTE | |
r-devel-linux-x86_64-fedora-clang | 0.1.0 | 70.10 | NOTE | |||
r-devel-linux-x86_64-fedora-gcc | 0.1.0 | 67.86 | NOTE | |||
r-devel-windows-x86_64 | 0.1.0 | 8.00 | 60.00 | 68.00 | NOTE | |
r-patched-linux-x86_64 | 0.1.0 | 9.48 | 50.23 | 59.71 | NOTE | |
r-release-linux-x86_64 | 0.1.0 | 4.30 | 50.59 | 54.89 | NOTE | |
r-release-macos-arm64 | 0.1.0 | 30.00 | NOTE | |||
r-release-macos-x86_64 | 0.1.0 | 41.00 | NOTE | |||
r-release-windows-x86_64 | 0.1.0 | 10.00 | 66.00 | 76.00 | NOTE | |
r-oldrel-macos-arm64 | 0.1.0 | 28.00 | NOTE | |||
r-oldrel-macos-x86_64 | 0.1.0 | 42.00 | NOTE | |||
r-oldrel-windows-x86_64 | 0.1.0 | 9.00 | 73.00 | 82.00 | NOTE |
Version: 0.1.0
Check: LazyData
Result: NOTE
'LazyData' is specified without a 'data' directory
Flavors: r-devel-linux-x86_64-debian-clang, r-devel-linux-x86_64-debian-gcc, r-devel-linux-x86_64-fedora-clang, r-devel-linux-x86_64-fedora-gcc, r-devel-windows-x86_64, r-patched-linux-x86_64, r-release-linux-x86_64, r-release-macos-arm64, r-release-macos-x86_64, r-release-windows-x86_64, r-oldrel-macos-arm64, r-oldrel-macos-x86_64, r-oldrel-windows-x86_64