Last updated on 2023-11-27 18:51:04 CET.
Flavor | Version | Tinstall | Tcheck | Ttotal | Status | Flags |
---|---|---|---|---|---|---|
r-devel-linux-x86_64-debian-clang | 0.0.3 | 4.83 | 98.06 | 102.89 | NOTE | |
r-devel-linux-x86_64-debian-gcc | 0.0.3 | 4.41 | 76.13 | 80.54 | NOTE | |
r-devel-linux-x86_64-fedora-clang | 0.0.3 | 128.06 | NOTE | |||
r-devel-linux-x86_64-fedora-gcc | 0.0.3 | 133.38 | NOTE | |||
r-devel-windows-x86_64 | 0.0.3 | 7.00 | 97.00 | 104.00 | NOTE | |
r-patched-linux-x86_64 | 0.0.3 | 5.81 | 92.42 | 98.23 | OK | |
r-release-linux-x86_64 | 0.0.3 | 4.08 | 92.94 | 97.02 | OK | |
r-release-macos-arm64 | 0.0.3 | 51.00 | OK | |||
r-release-macos-x86_64 | 0.0.3 | 78.00 | OK | |||
r-release-windows-x86_64 | 0.0.3 | 10.00 | 114.00 | 124.00 | OK | |
r-oldrel-macos-arm64 | 0.0.3 | 31.00 | NOTE | |||
r-oldrel-macos-x86_64 | 0.0.3 | 55.00 | NOTE | |||
r-oldrel-windows-x86_64 | 0.0.3 | 9.00 | 109.00 | 118.00 | OK |
Version: 0.0.3
Check: Rd \usage sections
Result: NOTE
Documented arguments not in \usage in Rd file 'operator.Rd':
‘x’ ‘y’
Functions with \usage entries need to have the appropriate \alias
entries, and all their arguments documented.
The \usage entries must correspond to syntactically valid R code.
See chapter ‘Writing R documentation files’ in the ‘Writing R
Extensions’ manual.
Flavors: r-devel-linux-x86_64-debian-clang, r-devel-linux-x86_64-debian-gcc, r-devel-linux-x86_64-fedora-clang, r-devel-linux-x86_64-fedora-gcc, r-devel-windows-x86_64
Version: 0.0.3
Check: data for non-ASCII characters
Result: NOTE
Note: found 35 marked UTF-8 strings
Flavors: r-devel-linux-x86_64-fedora-clang, r-devel-linux-x86_64-fedora-gcc, r-oldrel-macos-arm64, r-oldrel-macos-x86_64