CRAN Package Check Results for Package ggseg

Last updated on 2023-12-01 18:50:58 CET.

Flavor Version Tinstall Tcheck Ttotal Status Flags
r-devel-linux-x86_64-debian-clang 1.6.5 12.39 185.72 198.11 NOTE
r-devel-linux-x86_64-debian-gcc 1.6.5 7.20 136.94 144.14 NOTE
r-devel-linux-x86_64-fedora-clang 1.6.5 236.64 NOTE
r-devel-linux-x86_64-fedora-gcc 1.6.5 241.07 NOTE
r-devel-windows-x86_64 1.6.5 10.00 138.00 148.00 NOTE
r-patched-linux-x86_64 1.6.5 7.06 173.87 180.93 NOTE
r-release-linux-x86_64 1.6.5 6.78 172.94 179.72 NOTE
r-release-macos-arm64 1.6.5 76.00 NOTE
r-release-macos-x86_64 1.6.5 128.00 NOTE
r-release-windows-x86_64 1.6.5 13.00 181.00 194.00 NOTE
r-oldrel-macos-arm64 1.6.5 83.00 OK
r-oldrel-macos-x86_64 1.6.5 102.00 OK
r-oldrel-windows-x86_64 1.6.5 13.00 184.00 197.00 OK

Check Details

Version: 1.6.5
Check: package subdirectories
Result: NOTE Problems with news in ‘NEWS.md’: Cannot extract version info from the following section titles: * Changes all data options to .data to decrease possibility of column naming overlap Flavors: r-devel-linux-x86_64-debian-clang, r-devel-linux-x86_64-debian-gcc, r-devel-linux-x86_64-fedora-clang, r-devel-linux-x86_64-fedora-gcc, r-devel-windows-x86_64, r-patched-linux-x86_64, r-release-linux-x86_64, r-release-macos-arm64, r-release-macos-x86_64, r-release-windows-x86_64