CRAN Package Check Results for Package ggstudent

Last updated on 2024-07-24 20:52:22 CEST.

Flavor Version Tinstall Tcheck Ttotal Status Flags
r-devel-linux-x86_64-debian-clang 0.1.1-1 4.14 43.48 47.62 OK
r-devel-linux-x86_64-debian-gcc 0.1.1-1 3.80 34.05 37.85 NOTE
r-devel-linux-x86_64-fedora-clang 0.1.1-1 63.15 OK
r-devel-linux-x86_64-fedora-gcc 0.1.1-1 57.15 OK
r-devel-windows-x86_64 0.1.1-1 7.00 52.00 59.00 NOTE
r-patched-linux-x86_64 0.1.1-1 10.67 42.53 53.20 OK
r-release-linux-x86_64 0.1.1-1 4.77 41.84 46.61 OK
r-release-macos-arm64 0.1.1-1 23.00 OK
r-release-macos-x86_64 0.1.1-1 31.00 OK
r-release-windows-x86_64 0.1.1-1 6.00 52.00 58.00 OK
r-oldrel-macos-arm64 0.1.1-1 23.00 OK
r-oldrel-macos-x86_64 0.1.1-1 33.00 OK
r-oldrel-windows-x86_64 0.1.1-1 8.00 58.00 66.00 OK

Check Details

Version: 0.1.1-1
Check: Rd cross-references
Result: NOTE Found the following Rd file(s) with Rd \link{} targets missing package anchors: geom_student.Rd: aes, aes_, ggplot, fortify, borders Please provide package anchors for all Rd \link{} targets not in the package itself and the base packages. Flavors: r-devel-linux-x86_64-debian-gcc, r-devel-windows-x86_64