Last updated on 2023-12-10 18:52:12 CET.
Flavor | Version | Tinstall | Tcheck | Ttotal | Status | Flags |
---|---|---|---|---|---|---|
r-devel-linux-x86_64-debian-clang | 0.6.1 | 26.69 | 361.83 | 388.52 | OK | |
r-devel-linux-x86_64-debian-gcc | 0.6.1 | 17.86 | 266.68 | 284.54 | OK | |
r-devel-linux-x86_64-fedora-clang | 0.6.1 | 473.75 | NOTE | |||
r-devel-linux-x86_64-fedora-gcc | 0.6.1 | 492.01 | NOTE | |||
r-devel-windows-x86_64 | 0.6.1 | 23.00 | 321.00 | 344.00 | OK | |
r-patched-linux-x86_64 | 0.6.1 | 25.12 | 352.52 | 377.64 | OK | |
r-release-linux-x86_64 | 0.6.1 | 21.65 | 345.50 | 367.15 | OK | |
r-release-macos-arm64 | 0.6.1 | 131.00 | OK | |||
r-release-macos-x86_64 | 0.6.1 | 267.00 | OK | |||
r-release-windows-x86_64 | 0.6.1 | 29.00 | 380.00 | 409.00 | OK | |
r-oldrel-macos-arm64 | 0.6.1 | 197.00 | OK | |||
r-oldrel-macos-x86_64 | 0.6.0 | 230.00 | OK | |||
r-oldrel-windows-x86_64 | 0.6.1 | 27.00 | 377.00 | 404.00 | OK |
Version: 0.6.1
Check: data for non-ASCII characters
Result: NOTE
Note: found 208 marked UTF-8 strings
Flavors: r-devel-linux-x86_64-fedora-clang, r-devel-linux-x86_64-fedora-gcc