Last updated on 2023-12-08 18:55:36 CET.
Flavor | Version | Tinstall | Tcheck | Ttotal | Status | Flags |
---|---|---|---|---|---|---|
r-devel-linux-x86_64-debian-clang | 0.7-15 | 22.60 | 345.64 | 368.24 | NOTE | |
r-devel-linux-x86_64-debian-gcc | 0.7-15 | 17.92 | 249.79 | 267.71 | NOTE | |
r-devel-linux-x86_64-fedora-clang | 0.7-15 | 439.11 | OK | |||
r-devel-linux-x86_64-fedora-gcc | 0.7-15 | 433.87 | OK | |||
r-devel-windows-x86_64 | 0.7-15 | 21.00 | 228.00 | 249.00 | OK | |
r-patched-linux-x86_64 | 0.7-15 | 21.64 | 324.88 | 346.52 | OK | |
r-release-linux-x86_64 | 0.7-15 | 16.67 | 324.51 | 341.18 | OK | |
r-release-macos-arm64 | 0.7-15 | 107.00 | OK | |||
r-release-macos-x86_64 | 0.7-15 | 219.00 | OK | |||
r-release-windows-x86_64 | 0.7-15 | 27.00 | 302.00 | 329.00 | OK | |
r-oldrel-macos-arm64 | 0.7-15 | 108.00 | OK | |||
r-oldrel-macos-x86_64 | 0.7-15 | 164.00 | OK | |||
r-oldrel-windows-x86_64 | 0.7-15 | 26.00 | 300.00 | 326.00 | OK |
Version: 0.7-15
Check: Rd files
Result: NOTE
checkRd: (-1) aggSEM.Rd:119-120: Lost braces in \itemize; meant \describe ?
checkRd: (-1) aggSEM.Rd:121-122: Lost braces in \itemize; meant \describe ?
checkRd: (-1) gimmeSEM.Rd:205-209: Lost braces in \itemize; meant \describe ?
checkRd: (-1) gimmeSEM.Rd:210-212: Lost braces in \itemize; meant \describe ?
checkRd: (-1) gimmeSEM.Rd:216-218: Lost braces in \itemize; meant \describe ?
checkRd: (-1) gimmeSEM.Rd:219-223: Lost braces in \itemize; meant \describe ?
checkRd: (-1) indSEM.Rd:110-111: Lost braces in \itemize; meant \describe ?
checkRd: (-1) indSEM.Rd:112-113: Lost braces in \itemize; meant \describe ?
checkRd: (-1) indSEM.Rd:117-118: Lost braces in \itemize; meant \describe ?
Flavors: r-devel-linux-x86_64-debian-clang, r-devel-linux-x86_64-debian-gcc