Last updated on 2025-01-20 20:48:26 CET.
Flavor | Version | Tinstall | Tcheck | Ttotal | Status | Flags |
---|---|---|---|---|---|---|
r-devel-linux-x86_64-debian-clang | 2.0 | 415.13 | 375.71 | 790.84 | OK | |
r-devel-linux-x86_64-debian-gcc | 2.0 | 363.71 | 293.72 | 657.43 | OK | |
r-devel-linux-x86_64-fedora-clang | 2.0 | 1199.53 | OK | |||
r-devel-linux-x86_64-fedora-gcc | 2.0 | 1585.20 | OK | |||
r-devel-windows-x86_64 | 2.0 | 351.00 | 440.00 | 791.00 | OK | |
r-patched-linux-x86_64 | 2.0 | 479.28 | 366.18 | 845.46 | OK | |
r-release-linux-x86_64 | 2.0 | 487.39 | 366.92 | 854.31 | OK | |
r-release-macos-arm64 | 2.0 | 337.00 | NOTE | |||
r-release-macos-x86_64 | 2.0 | 538.00 | NOTE | |||
r-release-windows-x86_64 | 2.0 | 350.00 | 426.00 | 776.00 | NOTE | |
r-oldrel-macos-arm64 | 2.0 | 340.00 | NOTE | |||
r-oldrel-macos-x86_64 | 2.0 | 585.00 | NOTE | |||
r-oldrel-windows-x86_64 | 2.0 | 548.00 | 506.00 | 1054.00 | NOTE |
Version: 2.0
Check: installed package size
Result: NOTE
installed size is 207.6Mb
sub-directories of 1Mb or more:
doc 1.9Mb
libs 204.4Mb
Flavors: r-release-macos-arm64, r-release-macos-x86_64, r-release-windows-x86_64, r-oldrel-macos-arm64, r-oldrel-macos-x86_64, r-oldrel-windows-x86_64