CRAN Package Check Results for Package glmbb

Last updated on 2024-02-24 18:54:51 CET.

Flavor Version Tinstall Tcheck Ttotal Status Flags
r-devel-linux-x86_64-debian-clang 0.5-1 2.13 52.56 54.69 NOTE
r-devel-linux-x86_64-debian-gcc 0.5-1 2.04 40.77 42.81 NOTE
r-devel-linux-x86_64-fedora-clang 0.5-1 69.49 OK
r-devel-linux-x86_64-fedora-gcc 0.5-1 66.39 OK
r-devel-windows-x86_64 0.5-1 3.00 61.00 64.00 OK
r-patched-linux-x86_64 0.5-1 2.81 52.88 55.69 OK
r-release-linux-x86_64 0.5-1 2.61 52.74 55.35 OK
r-release-macos-arm64 0.5-1 27.00 OK
r-release-macos-x86_64 0.5-1 39.00 OK
r-release-windows-x86_64 0.5-1 3.00 62.00 65.00 OK
r-oldrel-macos-arm64 0.5-1 24.00 OK
r-oldrel-windows-x86_64 0.5-1 4.00 69.00 73.00 OK

Check Details

Version: 0.5-1
Check: Rd files
Result: NOTE checkRd: (-1) NEWS.Rd:16: Lost braces; missing escapes or markup? 16 | \item Now \code{AICc == Inf} when {n <= p + 1}. | ^ Flavors: r-devel-linux-x86_64-debian-clang, r-devel-linux-x86_64-debian-gcc