Last updated on 2023-12-01 18:50:58 CET.
Flavor | Version | Tinstall | Tcheck | Ttotal | Status | Flags |
---|---|---|---|---|---|---|
r-devel-linux-x86_64-debian-clang | 0.2.2 | 4.87 | 118.02 | 122.89 | NOTE | |
r-devel-linux-x86_64-debian-gcc | 0.2.2 | 3.33 | 88.27 | 91.60 | NOTE | |
r-devel-linux-x86_64-fedora-clang | 0.2.2 | 154.55 | NOTE | |||
r-devel-linux-x86_64-fedora-gcc | 0.2.2 | 155.12 | NOTE | |||
r-devel-windows-x86_64 | 0.2.2 | 7.00 | 99.00 | 106.00 | NOTE | |
r-patched-linux-x86_64 | 0.2.2 | 7.68 | 111.71 | 119.39 | NOTE | |
r-release-linux-x86_64 | 0.2.2 | 4.30 | 111.93 | 116.23 | NOTE | |
r-release-macos-arm64 | 0.2.2 | 49.00 | NOTE | |||
r-release-macos-x86_64 | 0.2.2 | 77.00 | NOTE | |||
r-release-windows-x86_64 | 0.2.2 | 9.00 | 121.00 | 130.00 | NOTE | |
r-oldrel-macos-arm64 | 0.2.2 | 41.00 | NOTE | |||
r-oldrel-macos-x86_64 | 0.2.2 | 61.00 | NOTE | |||
r-oldrel-windows-x86_64 | 0.2.2 | 9.00 | 119.00 | 128.00 | NOTE |
Version: 0.2.2
Check: Rd files
Result: NOTE
checkRd: (-1) summarylr.Rd:34: Lost braces
34 | \item{method}{NULL or character vector of length 0, 1 or 2; may be code{"LRT"} or \code{"Rao"} or \code{c("LRT", "Rao")} to compute specified P-values.
| ^
Flavors: r-devel-linux-x86_64-debian-clang, r-devel-linux-x86_64-debian-gcc
Version: 0.2.2
Check: LazyData
Result: NOTE
'LazyData' is specified without a 'data' directory
Flavors: r-devel-linux-x86_64-debian-clang, r-devel-linux-x86_64-debian-gcc, r-devel-linux-x86_64-fedora-clang, r-devel-linux-x86_64-fedora-gcc, r-devel-windows-x86_64, r-patched-linux-x86_64, r-release-linux-x86_64, r-release-macos-arm64, r-release-macos-x86_64, r-release-windows-x86_64, r-oldrel-macos-arm64, r-oldrel-macos-x86_64, r-oldrel-windows-x86_64