Last updated on 2023-12-10 18:52:12 CET.
Flavor | Version | Tinstall | Tcheck | Ttotal | Status | Flags |
---|---|---|---|---|---|---|
r-devel-linux-x86_64-debian-clang | 0.5.3 | 607.28 | 80.24 | 687.52 | OK | |
r-devel-linux-x86_64-debian-gcc | 0.5.3 | 492.60 | 81.61 | 574.21 | OK | |
r-devel-linux-x86_64-fedora-clang | 0.5.3 | 837.75 | OK | |||
r-devel-linux-x86_64-fedora-gcc | 0.5.3 | 1146.49 | OK | |||
r-devel-windows-x86_64 | 0.5.3 | 415.00 | 148.00 | 563.00 | OK | |
r-patched-linux-x86_64 | 0.5.3 | 537.90 | 101.97 | 639.87 | OK | |
r-release-linux-x86_64 | 0.5.3 | 566.90 | 104.85 | 671.75 | OK | |
r-release-macos-arm64 | 0.5.3 | 192.00 | NOTE | |||
r-release-macos-x86_64 | 0.5.3 | 198.00 | NOTE | |||
r-release-windows-x86_64 | 0.5.3 | 528.00 | 166.00 | 694.00 | OK | |
r-oldrel-macos-arm64 | 0.5.3 | 191.00 | NOTE | |||
r-oldrel-macos-x86_64 | 0.4.6 | 180.00 | NOTE | |||
r-oldrel-windows-x86_64 | 0.5.3 | 508.00 | 153.00 | 661.00 | OK |
Version: 0.5.3
Check: installed package size
Result: NOTE
installed size is 55.5Mb
sub-directories of 1Mb or more:
libs 54.7Mb
Flavors: r-release-macos-arm64, r-release-macos-x86_64, r-oldrel-macos-arm64
Version: 0.4.6
Check: installed package size
Result: NOTE
installed size is 40.1Mb
sub-directories of 1Mb or more:
libs 39.5Mb
Flavor: r-oldrel-macos-x86_64