Last updated on 2023-12-01 18:50:58 CET.
Flavor | Version | Tinstall | Tcheck | Ttotal | Status | Flags |
---|---|---|---|---|---|---|
r-devel-linux-x86_64-debian-clang | 0.11.0 | 41.72 | 70.86 | 112.58 | OK | |
r-devel-linux-x86_64-debian-gcc | 0.11.0 | 30.66 | 52.76 | 83.42 | OK | |
r-devel-linux-x86_64-fedora-clang | 0.11.0 | 149.83 | OK | |||
r-devel-linux-x86_64-fedora-gcc | 0.11.0 | 166.52 | OK | |||
r-devel-windows-x86_64 | 0.11.0 | 35.00 | 97.00 | 132.00 | OK | |
r-patched-linux-x86_64 | 0.11.0 | 37.89 | 67.63 | 105.52 | OK | |
r-release-linux-x86_64 | 0.11.0 | 33.46 | 68.05 | 101.51 | OK | |
r-release-macos-arm64 | 0.11.0 | 51.00 | NOTE | |||
r-release-macos-x86_64 | 0.11.0 | 78.00 | NOTE | |||
r-release-windows-x86_64 | 0.11.0 | 44.00 | 108.00 | 152.00 | OK | |
r-oldrel-macos-arm64 | 0.11.0 | 47.00 | NOTE | |||
r-oldrel-macos-x86_64 | 0.11.0 | 62.00 | NOTE | |||
r-oldrel-windows-x86_64 | 0.11.0 | 42.00 | 110.00 | 152.00 | OK |
Version: 0.11.0
Check: installed package size
Result: NOTE
installed size is 12.1Mb
sub-directories of 1Mb or more:
doc 1.3Mb
libs 10.4Mb
Flavors: r-release-macos-arm64, r-release-macos-x86_64, r-oldrel-macos-arm64, r-oldrel-macos-x86_64