CRAN Package Check Results for Package glycanr

Last updated on 2023-12-10 18:52:12 CET.

Flavor Version Tinstall Tcheck Ttotal Status Flags
r-devel-linux-x86_64-debian-clang 0.4.0 6.44 80.21 86.65 OK
r-devel-linux-x86_64-debian-gcc 0.4.0 5.71 59.76 65.47 OK
r-devel-linux-x86_64-fedora-clang 0.4.0 107.73 OK
r-devel-linux-x86_64-fedora-gcc 0.4.0 114.34 OK
r-devel-windows-x86_64 0.4.0 8.00 85.00 93.00 OK
r-patched-linux-x86_64 0.4.0 5.56 75.58 81.14 OK
r-release-linux-x86_64 0.4.0 4.80 76.53 81.33 OK
r-release-macos-arm64 0.4.0 40.00 OK
r-release-macos-x86_64 0.4.0 61.00 OK
r-release-windows-x86_64 0.4.0 11.00 94.00 105.00 OK
r-oldrel-macos-arm64 0.4.0 44.00 NOTE
r-oldrel-macos-x86_64 0.4.0 70.00 OK
r-oldrel-windows-x86_64 0.4.0 9.00 100.00 109.00 OK

Check Details

Version: 0.4.0
Check: package dependencies
Result: NOTE Package suggested but not available for checking: ‘preprocessCore’ Flavor: r-oldrel-macos-arm64