CRAN Package Check Results for Package gmfd

Last updated on 2025-01-22 20:49:30 CET.

Flavor Version Tinstall Tcheck Ttotal Status Flags
r-devel-linux-x86_64-debian-clang 1.0.1 2.18 41.35 43.53 OK
r-devel-linux-x86_64-debian-gcc 1.0.1 1.58 28.98 30.56 OK
r-devel-linux-x86_64-fedora-clang 1.0.1 69.33 OK
r-devel-linux-x86_64-fedora-gcc 1.0.1 81.31 OK
r-devel-windows-x86_64 1.0.1 3.00 67.00 70.00 OK
r-patched-linux-x86_64 1.0.1 2.08 38.11 40.19 NOTE
r-release-linux-x86_64 1.0.1 2.11 37.48 39.59 NOTE
r-release-macos-arm64 1.0.1 28.00 NOTE
r-release-macos-x86_64 1.0.1 54.00 NOTE
r-release-windows-x86_64 1.0.1 3.00 66.00 69.00 NOTE
r-oldrel-macos-arm64 1.0.1 29.00 NOTE
r-oldrel-macos-x86_64 1.0.1 46.00 NOTE
r-oldrel-windows-x86_64 1.0.1 4.00 67.00 71.00 NOTE

Check Details

Version: 1.0.1
Check: LazyData
Result: NOTE 'LazyData' is specified without a 'data' directory Flavors: r-patched-linux-x86_64, r-release-linux-x86_64, r-release-macos-arm64, r-release-macos-x86_64, r-release-windows-x86_64, r-oldrel-macos-arm64, r-oldrel-macos-x86_64, r-oldrel-windows-x86_64