CRAN Package Check Results for Package gmoTree

Last updated on 2024-07-13 19:54:01 CEST.

Flavor Version Tinstall Tcheck Ttotal Status Flags
r-devel-linux-x86_64-debian-clang 1.1.0 6.64 80.40 87.04 OK
r-devel-linux-x86_64-debian-gcc 1.1.0 4.73 57.78 62.51 OK
r-devel-linux-x86_64-fedora-clang 1.1.0 107.46 OK
r-devel-linux-x86_64-fedora-gcc 1.1.0 111.37 OK
r-devel-windows-x86_64 1.1.0 7.00 78.00 85.00 OK
r-patched-linux-x86_64 1.1.0 5.07 76.12 81.19 OK
r-release-linux-x86_64 1.1.0 4.26 76.82 81.08 OK
r-release-macos-arm64 1.1.0 5.00 ERROR
r-release-macos-x86_64 1.1.0 7.00 ERROR
r-release-windows-x86_64 1.1.0 7.00 5.00 12.00 ERROR
r-oldrel-macos-arm64 1.0.1 45.00 OK
r-oldrel-macos-x86_64 1.0.1 77.00 OK
r-oldrel-windows-x86_64 1.0.1 9.00 90.00 99.00 OK

Check Details

Version: 1.1.0
Check: package dependencies
Result: ERROR Package required and available but unsuitable version: ‘stats’ See section ‘The DESCRIPTION file’ in the ‘Writing R Extensions’ manual. Flavors: r-release-macos-arm64, r-release-macos-x86_64, r-release-windows-x86_64