Last updated on 2023-10-02 19:11:10 CEST.
Flavor | Version | Tinstall | Tcheck | Ttotal | Status | Flags |
---|---|---|---|---|---|---|
r-devel-linux-x86_64-debian-clang | 2.18.1.1 | 3.53 | 34.13 | 37.66 | OK | |
r-devel-linux-x86_64-debian-gcc | 2.18.1.1 | 2.52 | 26.26 | 28.78 | OK | |
r-devel-linux-x86_64-fedora-clang | 2.18.1.1 | 46.45 | NOTE | |||
r-devel-linux-x86_64-fedora-gcc | 2.18.1.1 | 48.77 | OK | |||
r-devel-windows-x86_64 | 2.18.1.1 | 4.00 | 49.00 | 53.00 | OK | |
r-patched-linux-x86_64 | 2.18.1.1 | 4.26 | 33.24 | 37.50 | OK | |
r-release-linux-x86_64 | 2.18.1.1 | 3.13 | 33.29 | 36.42 | OK | |
r-release-macos-arm64 | 2.18.1.1 | 20.00 | OK | |||
r-release-macos-x86_64 | 2.18.1.1 | 26.00 | OK | |||
r-release-windows-x86_64 | 2.18.1.1 | 4.00 | 51.00 | 55.00 | OK | |
r-oldrel-macos-arm64 | 2.18.1.1 | 18.00 | OK | |||
r-oldrel-macos-x86_64 | 2.18.1.1 | 28.00 | OK | |||
r-oldrel-windows-x86_64 | 2.18.1.1 | 5.00 | 54.00 | 59.00 | OK |
Version: 2.18.1.1
Check: Rd cross-references
Result: NOTE
Undeclared package ‘rms’ in Rd xrefs
Flavor: r-devel-linux-x86_64-fedora-clang