CRAN Package Check Results for Package googleCloudRunner

Last updated on 2024-04-12 20:51:25 CEST.

Flavor Version Tinstall Tcheck Ttotal Status Flags
r-devel-linux-x86_64-debian-clang 0.5.0 8.97 84.49 93.46 NOTE
r-devel-linux-x86_64-debian-gcc 0.5.0 7.83 60.49 68.32 NOTE
r-devel-linux-x86_64-fedora-clang 0.5.0 117.54 NOTE
r-devel-linux-x86_64-fedora-gcc 0.5.0 114.26 NOTE
r-devel-windows-x86_64 0.5.0 12.00 97.00 109.00 NOTE
r-patched-linux-x86_64 0.5.0 11.56 78.80 90.36 NOTE
r-release-linux-x86_64 0.5.0 10.03 77.70 87.73 OK
r-release-macos-arm64 0.5.0 37.00 OK
r-release-macos-x86_64 0.5.0 56.00 OK
r-release-windows-x86_64 0.5.0 13.00 112.00 125.00 OK
r-oldrel-macos-arm64 0.5.0 30.00 OK
r-oldrel-windows-x86_64 0.5.0 14.00 95.00 109.00 OK

Check Details

Version: 0.5.0
Check: Rd files
Result: NOTE checkRd: (-1) GitHubEventsConfig.Rd:16: Lost braces; missing escapes or markup? 16 | \item{x}{The repository in format {owner}/{repo} e.g. MarkEdmondson1234/googleCloudRunner} | ^ checkRd: (-1) GitHubEventsConfig.Rd:16: Lost braces; missing escapes or markup? 16 | \item{x}{The repository in format {owner}/{repo} e.g. MarkEdmondson1234/googleCloudRunner} | ^ checkRd: (-1) cr_buildstep_targets.Rd:27: Lost braces 27 | \item{id}{The id of the buildstep. In link{cr_buildstep_targets_multi} this is used along with \code{waitFor} to determine the order of execution} | ^ checkRd: (-1) cr_setup_service.Rd:21: Lost braces; missing escapes or markup? 21 | \item{account_email}{The service account email e.g. \code{accountId@projectid.iam.gserviceaccount.com} or {12345678@cloudbuild.gserviceaccount.com}} | ^ Flavors: r-devel-linux-x86_64-debian-clang, r-devel-linux-x86_64-debian-gcc, r-devel-linux-x86_64-fedora-clang, r-devel-linux-x86_64-fedora-gcc, r-devel-windows-x86_64, r-patched-linux-x86_64

Version: 0.5.0
Check: HTML version of manual
Result: NOTE Found the following HTML validation problems: cr_run.html:115:1 (cr_run.Rd:57): Warning: trimming empty <dt> Flavors: r-devel-linux-x86_64-debian-clang, r-devel-linux-x86_64-debian-gcc, r-devel-linux-x86_64-fedora-clang, r-devel-linux-x86_64-fedora-gcc, r-devel-windows-x86_64, r-patched-linux-x86_64

Version: 0.5.0
Check: Rd cross-references
Result: NOTE Undeclared packages ‘rcmdcheck’, ‘covr’, ‘devtools’, ‘pkgdown’ in Rd xrefs Flavor: r-devel-linux-x86_64-fedora-clang