Last updated on 2023-12-10 18:52:12 CET.
Flavor | Version | Tinstall | Tcheck | Ttotal | Status | Flags |
---|---|---|---|---|---|---|
r-devel-linux-x86_64-debian-clang | 0.3.0 | 6.42 | 63.73 | 70.15 | NOTE | |
r-devel-linux-x86_64-debian-gcc | 0.3.0 | 5.08 | 48.26 | 53.34 | NOTE | |
r-devel-linux-x86_64-fedora-clang | 0.3.0 | 91.04 | NOTE | |||
r-devel-linux-x86_64-fedora-gcc | 0.3.0 | 97.49 | NOTE | |||
r-devel-windows-x86_64 | 0.3.0 | 8.00 | 78.00 | 86.00 | NOTE | |
r-patched-linux-x86_64 | 0.3.0 | 9.44 | 61.86 | 71.30 | NOTE | |
r-release-linux-x86_64 | 0.3.0 | 5.89 | 61.52 | 67.41 | NOTE | |
r-release-macos-arm64 | 0.3.0 | 58.00 | NOTE | |||
r-release-macos-x86_64 | 0.3.0 | 64.00 | NOTE | |||
r-release-windows-x86_64 | 0.3.0 | 8.00 | 82.00 | 90.00 | NOTE | |
r-oldrel-macos-arm64 | 0.3.0 | 35.00 | NOTE | |||
r-oldrel-macos-x86_64 | 0.3.0 | 47.00 | NOTE | |||
r-oldrel-windows-x86_64 | 0.3.0 | 9.00 | 76.00 | 85.00 | NOTE |
Version: 0.3.0
Check: Rd files
Result: NOTE
checkRd: (-1) gl_nlp.Rd:31: Lost braces in \itemize; \value handles \item{}{} directly
checkRd: (-1) gl_nlp.Rd:32: Lost braces in \itemize; \value handles \item{}{} directly
checkRd: (-1) gl_nlp.Rd:33: Lost braces in \itemize; \value handles \item{}{} directly
checkRd: (-1) gl_nlp.Rd:34: Lost braces in \itemize; \value handles \item{}{} directly
checkRd: (-1) gl_nlp.Rd:35: Lost braces in \itemize; \value handles \item{}{} directly
checkRd: (-1) gl_nlp.Rd:36: Lost braces in \itemize; \value handles \item{}{} directly
checkRd: (-1) gl_nlp.Rd:37: Lost braces in \itemize; \value handles \item{}{} directly
Flavors: r-devel-linux-x86_64-debian-clang, r-devel-linux-x86_64-debian-gcc
Version: 0.3.0
Check: LazyData
Result: NOTE
'LazyData' is specified without a 'data' directory
Flavors: r-devel-linux-x86_64-debian-clang, r-devel-linux-x86_64-debian-gcc, r-devel-linux-x86_64-fedora-clang, r-devel-linux-x86_64-fedora-gcc, r-devel-windows-x86_64, r-patched-linux-x86_64, r-release-linux-x86_64, r-release-macos-arm64, r-release-macos-x86_64, r-release-windows-x86_64, r-oldrel-macos-arm64, r-oldrel-macos-x86_64, r-oldrel-windows-x86_64