Last updated on 2023-11-28 18:49:19 CET.
Flavor | Version | Tinstall | Tcheck | Ttotal | Status | Flags |
---|---|---|---|---|---|---|
r-devel-linux-x86_64-debian-clang | 1.1.1 | 8.06 | 87.87 | 95.93 | OK | |
r-devel-linux-x86_64-debian-gcc | 1.1.1 | 6.54 | 64.67 | 71.21 | OK | |
r-devel-linux-x86_64-fedora-clang | 1.1.1 | 115.59 | NOTE | |||
r-devel-linux-x86_64-fedora-gcc | 1.1.1 | 116.72 | OK | |||
r-devel-windows-x86_64 | 1.1.1 | 9.00 | 88.00 | 97.00 | OK | |
r-patched-linux-x86_64 | 1.1.1 | 13.98 | 81.73 | 95.71 | OK | |
r-release-linux-x86_64 | 1.1.1 | 6.72 | 81.71 | 88.43 | OK | |
r-release-macos-arm64 | 1.1.1 | 37.00 | OK | |||
r-release-macos-x86_64 | 1.1.1 | 69.00 | OK | |||
r-release-windows-x86_64 | 1.1.1 | 12.00 | 102.00 | 114.00 | OK | |
r-oldrel-macos-arm64 | 1.1.1 | 43.00 | OK | |||
r-oldrel-macos-x86_64 | 1.1.1 | 53.00 | OK | |||
r-oldrel-windows-x86_64 | 1.1.1 | 12.00 | 104.00 | 116.00 | OK |
Version: 1.1.1
Check: Rd cross-references
Result: NOTE
Undeclared package ‘jsonlite’ in Rd xrefs
Flavor: r-devel-linux-x86_64-fedora-clang