CRAN Package Check Results for Package gradientPickerD3

Last updated on 2024-07-24 20:52:22 CEST.

Flavor Version Tinstall Tcheck Ttotal Status Flags
r-devel-linux-x86_64-debian-clang 0.1.0.0 4.12 38.12 42.24 NOTE
r-devel-linux-x86_64-debian-gcc 0.1.0.0 2.74 28.93 31.67 NOTE
r-devel-linux-x86_64-fedora-clang 0.1.0.0 52.53 NOTE
r-devel-linux-x86_64-fedora-gcc 0.1.0.0 49.15 NOTE
r-devel-windows-x86_64 0.1.0.0 6.00 49.00 55.00 NOTE
r-patched-linux-x86_64 0.1.0.0 8.41 36.38 44.79 NOTE
r-release-linux-x86_64 0.1.0.0 3.20 35.46 38.66 NOTE
r-release-macos-arm64 0.1.0.0 20.00 NOTE
r-release-macos-x86_64 0.1.0.0 29.00 NOTE
r-release-windows-x86_64 0.1.0.0 5.00 50.00 55.00 NOTE
r-oldrel-macos-arm64 0.1.0.0 23.00 NOTE
r-oldrel-macos-x86_64 0.1.0.0 29.00 NOTE
r-oldrel-windows-x86_64 0.1.0.0 8.00 53.00 61.00 NOTE

Check Details

Version: 0.1.0.0
Check: LazyData
Result: NOTE 'LazyData' is specified without a 'data' directory Flavors: r-devel-linux-x86_64-debian-clang, r-devel-linux-x86_64-debian-gcc, r-devel-linux-x86_64-fedora-clang, r-devel-linux-x86_64-fedora-gcc, r-devel-windows-x86_64, r-patched-linux-x86_64, r-release-linux-x86_64, r-release-macos-arm64, r-release-macos-x86_64, r-release-windows-x86_64, r-oldrel-macos-arm64, r-oldrel-macos-x86_64, r-oldrel-windows-x86_64

Version: 0.1.0.0
Check: Rd cross-references
Result: NOTE Found the following Rd file(s) with Rd \link{} targets missing package anchors: gradientPickerD3.Rd: htmlwidgets, shiny Please provide package anchors for all Rd \link{} targets not in the package itself and the base packages. Flavors: r-devel-linux-x86_64-debian-gcc, r-devel-windows-x86_64