Last updated on 2023-06-03 20:53:08 CEST.
Flavor | Version | Tinstall | Tcheck | Ttotal | Status | Flags |
---|---|---|---|---|---|---|
r-devel-linux-x86_64-debian-clang | 0.2.2 | 18.91 | 191.61 | 210.52 | NOTE | |
r-devel-linux-x86_64-debian-gcc | 0.2.2 | 12.27 | 141.64 | 153.91 | OK | |
r-devel-linux-x86_64-fedora-clang | 0.2.2 | 270.25 | OK | |||
r-devel-linux-x86_64-fedora-gcc | 0.2.2 | 279.61 | OK | |||
r-devel-windows-x86_64 | 0.2.2 | 23.00 | 172.00 | 195.00 | OK | |
r-patched-linux-x86_64 | 0.2.2 | OK | ||||
r-release-linux-x86_64 | 0.2.2 | 19.01 | 183.47 | 202.48 | OK | |
r-release-macos-arm64 | 0.2.2 | 81.00 | NOTE | |||
r-release-macos-x86_64 | 0.2.2 | 167.00 | NOTE | |||
r-release-windows-x86_64 | 0.2.2 | 25.00 | 221.00 | 246.00 | OK | |
r-oldrel-macos-arm64 | 0.2.2 | 75.00 | NOTE | |||
r-oldrel-macos-x86_64 | 0.2.2 | 92.00 | OK | |||
r-oldrel-windows-x86_64 | 0.2.2 | 25.00 | 187.00 | 212.00 | OK |
Version: 0.2.2
Check: package dependencies
Result: NOTE
Package suggested but not available for checking: ‘clusterProfiler’
Flavor: r-devel-linux-x86_64-debian-clang
Version: 0.2.2
Check: Rd cross-references
Result: NOTE
Package unavailable to check Rd xrefs: ‘clusterProfiler’
Flavor: r-devel-linux-x86_64-debian-clang
Version: 0.2.2
Check: package dependencies
Result: NOTE
Package suggested but not available for checking: ‘monocle’
Flavors: r-release-macos-arm64, r-release-macos-x86_64, r-oldrel-macos-arm64
Version: 0.2.2
Check: Rd cross-references
Result: NOTE
Package unavailable to check Rd xrefs: ‘monocle’
Flavors: r-release-macos-arm64, r-release-macos-x86_64, r-oldrel-macos-arm64