CRAN Package Check Results for Package grapherator

Last updated on 2023-05-31 20:57:09 CEST.

Flavor Version Tinstall Tcheck Ttotal Status Flags
r-devel-linux-x86_64-debian-clang 1.0.0 11.41 134.75 146.16 NOTE
r-devel-linux-x86_64-debian-gcc 1.0.0 8.71 100.93 109.64 NOTE
r-devel-linux-x86_64-fedora-clang 1.0.0 184.34 NOTE
r-devel-linux-x86_64-fedora-gcc 1.0.0 184.96 NOTE
r-devel-windows-x86_64 1.0.0 12.00 132.00 144.00 NOTE
r-patched-linux-x86_64 1.0.0 NOTE
r-release-linux-x86_64 1.0.0 13.68 128.94 142.62 NOTE
r-release-macos-arm64 1.0.0 67.00 NOTE
r-release-macos-x86_64 1.0.0 98.00 NOTE
r-release-windows-x86_64 1.0.0 16.00 153.00 169.00 NOTE
r-oldrel-macos-arm64 1.0.0 49.00 NOTE
r-oldrel-macos-x86_64 1.0.0 92.00 NOTE
r-oldrel-windows-x86_64 1.0.0 17.00 139.00 156.00 NOTE

Check Details

Version: 1.0.0
Check: LazyData
Result: NOTE
     'LazyData' is specified without a 'data' directory
Flavors: r-devel-linux-x86_64-debian-clang, r-devel-linux-x86_64-debian-gcc, r-devel-linux-x86_64-fedora-clang, r-devel-linux-x86_64-fedora-gcc, r-devel-windows-x86_64, r-patched-linux-x86_64, r-release-linux-x86_64, r-release-macos-arm64, r-release-macos-x86_64, r-release-windows-x86_64, r-oldrel-macos-arm64, r-oldrel-macos-x86_64, r-oldrel-windows-x86_64

Version: 1.0.0
Check: dependencies in R code
Result: NOTE
    Namespace in Imports field not imported from: ‘reshape2’
     All declared Imports should be used.
Flavors: r-devel-linux-x86_64-fedora-clang, r-devel-linux-x86_64-fedora-gcc, r-oldrel-macos-arm64, r-oldrel-macos-x86_64