CRAN Package Check Results for Package gridtext

Last updated on 2023-12-01 18:50:59 CET.

Flavor Version Tinstall Tcheck Ttotal Status Flags
r-devel-linux-x86_64-debian-clang 0.1.5 40.52 42.64 83.16 NOTE
r-devel-linux-x86_64-debian-gcc 0.1.5 34.32 32.83 67.15 NOTE
r-devel-linux-x86_64-fedora-clang 0.1.5 124.50 NOTE
r-devel-linux-x86_64-fedora-gcc 0.1.5 124.56 NOTE
r-devel-windows-x86_64 0.1.5 36.00 71.00 107.00 NOTE
r-patched-linux-x86_64 0.1.5 39.82 41.76 81.58 NOTE
r-release-linux-x86_64 0.1.5 40.55 41.94 82.49 NOTE
r-release-macos-arm64 0.1.5 36.00 NOTE
r-release-macos-x86_64 0.1.5 57.00 NOTE
r-release-windows-x86_64 0.1.5 46.00 82.00 128.00 NOTE
r-oldrel-macos-arm64 0.1.5 37.00 OK
r-oldrel-macos-x86_64 0.1.5 45.00 OK
r-oldrel-windows-x86_64 0.1.5 46.00 82.00 128.00 OK

Check Details

Version: 0.1.5
Check: C++ specification
Result: NOTE Specified C++11: please drop specification unless essential Flavors: r-devel-linux-x86_64-debian-clang, r-devel-linux-x86_64-debian-gcc, r-devel-linux-x86_64-fedora-clang, r-devel-linux-x86_64-fedora-gcc, r-devel-windows-x86_64, r-patched-linux-x86_64, r-release-linux-x86_64, r-release-macos-arm64, r-release-macos-x86_64, r-release-windows-x86_64