CRAN Package Check Results for Package gromovlab

Last updated on 2025-04-29 21:49:48 CEST.

Flavor Version Tinstall Tcheck Ttotal Status Flags
r-devel-linux-x86_64-debian-clang 0.8-3 4.29 33.60 37.89 NOTE
r-devel-linux-x86_64-debian-gcc 0.8-3 3.07 26.58 29.65 NOTE
r-devel-linux-x86_64-fedora-clang 0.8-3 57.79 OK
r-devel-linux-x86_64-fedora-gcc 0.8-3 55.70 OK
r-devel-windows-x86_64 0.8-3 5.00 52.00 57.00 OK
r-patched-linux-x86_64 0.8-3 3.81 32.51 36.32 OK
r-release-linux-x86_64 0.8-3 4.06 32.43 36.49 OK
r-release-macos-arm64 0.8-3 23.00 OK
r-release-macos-x86_64 0.8-3 42.00 OK
r-release-windows-x86_64 0.8-3 5.00 53.00 58.00 OK
r-oldrel-macos-arm64 0.8-3 23.00 OK
r-oldrel-macos-x86_64 0.8-3 31.00 OK
r-oldrel-windows-x86_64 0.8-3 6.00 58.00 64.00 OK

Check Details

Version: 0.8-3
Check: CRAN incoming feasibility
Result: NOTE Maintainer: ‘Volkmar Liebscher <volkmar.liebscher@uni-greifswald.de>’ No Authors@R field in DESCRIPTION. Please add one, modifying Authors@R: person(given = "Volkmar", family = "Liebscher", role = c("aut", "cre"), email = "volkmar.liebscher@uni-greifswald.de") as necessary. The Description field contains <arXiv:1504.05795> for phylogenetic trees, but may apply to a diversity Please refer to arXiv e-prints via their arXiv DOI <doi:10.48550/arXiv.YYMM.NNNNN>. Flavors: r-devel-linux-x86_64-debian-clang, r-devel-linux-x86_64-debian-gcc