CRAN Package Check Results for Package gtfsrouter

Last updated on 2024-02-28 18:50:36 CET.

Flavor Version Tinstall Tcheck Ttotal Status Flags
r-devel-linux-x86_64-debian-clang 0.1.2 86.45 115.57 202.02 OK
r-devel-linux-x86_64-debian-gcc 0.1.2 68.50 88.94 157.44 OK
r-devel-linux-x86_64-fedora-clang 0.1.2 278.58 NOTE
r-devel-linux-x86_64-fedora-gcc 0.1.2 297.92 OK
r-devel-windows-x86_64 0.1.2 63.00 142.00 205.00 NOTE
r-patched-linux-x86_64 0.1.2 81.97 113.16 195.13 OK
r-release-linux-x86_64 0.1.2 80.59 112.10 192.69 OK
r-release-macos-arm64 0.1.2 77.00 NOTE
r-release-macos-x86_64 0.1.2 166.00 NOTE
r-release-windows-x86_64 0.1.2 67.00 165.00 232.00 NOTE
r-oldrel-macos-arm64 0.1.2 90.00 NOTE
r-oldrel-windows-x86_64 0.1.2 77.00 158.00 235.00 NOTE

Check Details

Version: 0.1.2
Check: installed package size
Result: NOTE installed size is 5.1Mb sub-directories of 1Mb or more: doc 4.1Mb Flavors: r-devel-linux-x86_64-fedora-clang, r-devel-windows-x86_64, r-release-macos-arm64, r-release-macos-x86_64, r-release-windows-x86_64, r-oldrel-macos-arm64, r-oldrel-windows-x86_64