CRAN Package Check Results for Package guidedPLS

Last updated on 2024-04-21 20:53:25 CEST.

Flavor Version Tinstall Tcheck Ttotal Status Flags
r-devel-linux-x86_64-debian-clang 1.0.0 6.62 87.45 94.07 NOTE
r-devel-linux-x86_64-debian-gcc 1.0.0 6.25 65.73 71.98 NOTE
r-devel-linux-x86_64-fedora-clang 1.0.0 119.17 NOTE
r-devel-linux-x86_64-fedora-gcc 1.0.0 125.67 NOTE
r-prerel-macos-arm64 1.0.0 42.00 NOTE
r-prerel-windows-x86_64 1.0.0 7.00 81.00 88.00 NOTE
r-patched-linux-x86_64 1.0.0 8.32 83.94 92.26 NOTE
r-release-linux-x86_64 1.0.0 6.60 83.42 90.02 OK
r-release-macos-arm64 1.0.0 46.00 OK
r-release-macos-x86_64 1.0.0 129.00 OK
r-release-windows-x86_64 1.0.0 10.00 97.00 107.00 OK
r-oldrel-macos-arm64 1.0.0 37.00 OK
r-oldrel-windows-x86_64 1.0.0 9.00 99.00 108.00 OK

Check Details

Version: 1.0.0
Check: Rd files
Result: NOTE checkRd: (-1) PLSSVD.Rd:24: Lost braces; missing escapes or markup? 24 | The number of low-dimension (k < {N, M, L}, Default: .minDim(X, Y)) | ^ checkRd: (-1) guidedPLS.Rd:33: Lost braces; missing escapes or markup? 33 | The number of low-dimension (k < {N, M, L, O}, Default: .minDim(X1, X2, Y1, Y2)) | ^ checkRd: (-1) sPLSDA.Rd:24: Lost braces; missing escapes or markup? 24 | The number of low-dimension (k < {N, M, L}, Default: .minDim(X, Y)) | ^ Flavors: r-devel-linux-x86_64-debian-clang, r-devel-linux-x86_64-debian-gcc, r-devel-linux-x86_64-fedora-clang, r-devel-linux-x86_64-fedora-gcc, r-prerel-macos-arm64, r-prerel-windows-x86_64, r-patched-linux-x86_64