Last updated on 2023-12-02 18:53:43 CET.
Flavor | Version | Tinstall | Tcheck | Ttotal | Status | Flags |
---|---|---|---|---|---|---|
r-devel-linux-x86_64-debian-clang | 1.10-2 | 2.46 | 32.34 | 34.80 | NOTE | |
r-devel-linux-x86_64-debian-gcc | 1.10-2 | 1.87 | 25.65 | 27.52 | NOTE | |
r-devel-linux-x86_64-fedora-clang | 1.10-2 | 44.99 | OK | |||
r-devel-linux-x86_64-fedora-gcc | 1.10-2 | 54.72 | OK | |||
r-devel-windows-x86_64 | 1.10-2 | 3.00 | 61.00 | 64.00 | OK | |
r-patched-linux-x86_64 | 1.10-2 | 2.53 | 32.74 | 35.27 | OK | |
r-release-linux-x86_64 | 1.10-2 | 2.11 | 32.59 | 34.70 | OK | |
r-release-macos-arm64 | 1.10-2 | 28.00 | OK | |||
r-release-macos-x86_64 | 1.10-2 | 45.00 | OK | |||
r-release-windows-x86_64 | 1.10-2 | 3.00 | 58.00 | 61.00 | OK | |
r-oldrel-macos-arm64 | 1.10-2 | 21.00 | OK | |||
r-oldrel-macos-x86_64 | 1.10-2 | 28.00 | OK | |||
r-oldrel-windows-x86_64 | 1.10-2 | 6.00 | 69.00 | 75.00 | OK |
Version: 1.10-2
Check: Rd files
Result: NOTE
checkRd: (-1) gumbel.Rd:65: Lost braces in \itemize; meant \describe ?
checkRd: (-1) gumbel.Rd:66: Lost braces in \itemize; meant \describe ?
checkRd: (-1) gumbel.Rd:67: Lost braces in \itemize; meant \describe ?
checkRd: (-1) gumbel.Rd:73: Lost braces in \itemize; meant \describe ?
checkRd: (-1) gumbel.Rd:74: Lost braces in \itemize; meant \describe ?
checkRd: (-1) gumbel.Rd:75: Lost braces in \itemize; meant \describe ?
Flavors: r-devel-linux-x86_64-debian-clang, r-devel-linux-x86_64-debian-gcc