Last updated on 2023-12-10 18:52:12 CET.
Flavor | Version | Tinstall | Tcheck | Ttotal | Status | Flags |
---|---|---|---|---|---|---|
r-devel-linux-x86_64-debian-clang | 0.1.3 | 28.22 | 87.57 | 115.79 | OK | |
r-devel-linux-x86_64-debian-gcc | 0.1.3 | 22.90 | 64.02 | 86.92 | OK | |
r-devel-linux-x86_64-fedora-clang | 0.1.3 | 149.77 | NOTE | |||
r-devel-linux-x86_64-fedora-gcc | 0.1.3 | 151.67 | NOTE | |||
r-devel-windows-x86_64 | 0.1.3 | 27.00 | 96.00 | 123.00 | OK | |
r-patched-linux-x86_64 | 0.1.3 | 23.45 | 80.83 | 104.28 | OK | |
r-release-linux-x86_64 | 0.1.3 | 19.87 | 82.65 | 102.52 | OK | |
r-release-macos-arm64 | 0.1.3 | 43.00 | OK | |||
r-release-macos-x86_64 | 0.1.3 | 69.00 | OK | |||
r-release-windows-x86_64 | 0.1.3 | 35.00 | 113.00 | 148.00 | OK | |
r-oldrel-macos-arm64 | 0.1.3 | 47.00 | NOTE | |||
r-oldrel-macos-x86_64 | 0.1.3 | 83.00 | NOTE | |||
r-oldrel-windows-x86_64 | 0.1.3 | 34.00 | 116.00 | 150.00 | OK |
Version: 0.1.3
Check: dependencies in R code
Result: NOTE
Namespaces in Imports field not imported from:
‘DT’ ‘attempt’ ‘corpcor’ ‘glue’ ‘htmltools’ ‘pkgload’ ‘processx’
‘tools’
All declared Imports should be used.
Flavors: r-devel-linux-x86_64-fedora-clang, r-devel-linux-x86_64-fedora-gcc, r-oldrel-macos-arm64, r-oldrel-macos-x86_64